Last updated on 2024-05-12 09:52:30 CEST.
Flavor | Version | Tinstall | Tcheck | Ttotal | Status | Flags |
---|---|---|---|---|---|---|
r-devel-linux-x86_64-debian-clang | 2.2.2 | 8.12 | 44.20 | 52.32 | OK | |
r-devel-linux-x86_64-debian-gcc | 2.2.2 | 6.12 | 32.54 | 38.66 | OK | |
r-devel-linux-x86_64-fedora-clang | 2.2.2 | 65.20 | OK | |||
r-devel-linux-x86_64-fedora-gcc | 2.2.2 | 76.18 | OK | |||
r-devel-windows-x86_64 | 2.2.2 | 8.00 | 58.00 | 66.00 | OK | |
r-patched-linux-x86_64 | 2.2.2 | 8.72 | 42.21 | 50.93 | OK | |
r-release-linux-x86_64 | 2.2.2 | 6.53 | 41.56 | 48.09 | OK | |
r-release-macos-arm64 | 2.2.2 | 28.00 | OK | |||
r-release-windows-x86_64 | 2.2.2 | 8.00 | 58.00 | 66.00 | OK | |
r-oldrel-macos-arm64 | 2.2.2 | 28.00 | OK | |||
r-oldrel-macos-x86_64 | 2.2.2 | 43.00 | NOTE | |||
r-oldrel-windows-x86_64 | 2.2.2 | 10.00 | 58.00 | 68.00 | OK |
Version: 2.2.2
Check: package dependencies
Result: NOTE
Package suggested but not available for checking: ‘AzureKeyVault’
Flavor: r-oldrel-macos-x86_64