Last updated on 2024-05-12 09:52:31 CEST.
Flavor | Version | Tinstall | Tcheck | Ttotal | Status | Flags |
---|---|---|---|---|---|---|
r-devel-linux-x86_64-debian-clang | 2.1.1 | 110.98 | 312.20 | 423.18 | OK | |
r-devel-linux-x86_64-debian-gcc | 2.1.1 | 73.53 | 224.83 | 298.36 | OK | |
r-devel-linux-x86_64-fedora-clang | 2.1.1 | 540.75 | NOTE | |||
r-devel-linux-x86_64-fedora-gcc | 2.1.1 | 552.56 | OK | |||
r-devel-windows-x86_64 | 2.1.1 | 72.00 | 288.00 | 360.00 | NOTE | |
r-patched-linux-x86_64 | 2.1.1 | 100.27 | 291.88 | 392.15 | OK | |
r-release-linux-x86_64 | 2.1.1 | 85.44 | 294.78 | 380.22 | OK | |
r-release-macos-arm64 | 2.1.1 | 153.00 | NOTE | |||
r-release-macos-x86_64 | 2.1.1 | 255.00 | NOTE | |||
r-release-windows-x86_64 | 2.1.1 | 71.00 | 287.00 | 358.00 | NOTE | |
r-oldrel-macos-arm64 | 2.1.1 | 141.00 | NOTE | |||
r-oldrel-macos-x86_64 | 2.1.1 | 199.00 | NOTE | |||
r-oldrel-windows-x86_64 | 2.1.1 | 96.00 | 425.00 | 521.00 | NOTE |
Version: 2.1.1
Check: installed package size
Result: NOTE
installed size is 6.2Mb
sub-directories of 1Mb or more:
doc 3.4Mb
help 1.1Mb
Flavors: r-devel-linux-x86_64-fedora-clang, r-devel-windows-x86_64, r-release-macos-arm64, r-release-macos-x86_64, r-release-windows-x86_64, r-oldrel-macos-arm64, r-oldrel-macos-x86_64, r-oldrel-windows-x86_64