Last updated on 2024-05-12 09:52:30 CEST.
Flavor | Version | Tinstall | Tcheck | Ttotal | Status | Flags |
---|---|---|---|---|---|---|
r-devel-linux-x86_64-debian-clang | 1.0-3 | 7.98 | 69.87 | 77.85 | NOTE | |
r-devel-linux-x86_64-debian-gcc | 1.0-3 | 5.96 | 49.87 | 55.83 | NOTE | |
r-devel-linux-x86_64-fedora-clang | 1.0-3 | 93.76 | NOTE | |||
r-devel-linux-x86_64-fedora-gcc | 1.0-3 | 94.23 | NOTE | |||
r-devel-windows-x86_64 | 1.0-3 | 7.00 | 70.00 | 77.00 | NOTE | |
r-patched-linux-x86_64 | 1.0-3 | 6.98 | 64.74 | 71.72 | NOTE | |
r-release-linux-x86_64 | 1.0-3 | 8.61 | 64.25 | 72.86 | NOTE | |
r-release-macos-arm64 | 1.0-3 | 30.00 | NOTE | |||
r-release-windows-x86_64 | 1.0-3 | 8.00 | 70.00 | 78.00 | NOTE | |
r-oldrel-macos-arm64 | 1.0-3 | 32.00 | OK | |||
r-oldrel-macos-x86_64 | 1.0-3 | 49.00 | OK | |||
r-oldrel-windows-x86_64 | 1.0-3 | 10.00 | 83.00 | 93.00 | OK |
Version: 1.0-3
Check: Rd files
Result: NOTE
checkRd: (-1) barcoding.spe.identify2.Rd:27: Lost braces; missing escapes or markup?
27 | read.dna() from package {ape} was used to obtain DNAbin object for unaligned non-coding barcodes.
| ^
Flavors: r-devel-linux-x86_64-debian-clang, r-devel-linux-x86_64-debian-gcc, r-devel-linux-x86_64-fedora-clang, r-devel-linux-x86_64-fedora-gcc, r-devel-windows-x86_64, r-patched-linux-x86_64, r-release-linux-x86_64, r-release-macos-arm64, r-release-windows-x86_64