Last updated on 2024-05-13 09:50:38 CEST.
Flavor | Version | Tinstall | Tcheck | Ttotal | Status | Flags |
---|---|---|---|---|---|---|
r-devel-linux-x86_64-debian-clang | 2.0.11 | 10.83 | 28.65 | 39.48 | OK | |
r-devel-linux-x86_64-debian-gcc | 2.0.11 | 9.19 | 21.99 | 31.18 | OK | |
r-devel-linux-x86_64-fedora-clang | 2.0.11 | 49.46 | NOTE | |||
r-devel-linux-x86_64-fedora-gcc | 2.0.11 | 65.91 | NOTE | |||
r-devel-windows-x86_64 | 2.0.11 | 12.00 | 54.00 | 66.00 | OK | |
r-patched-linux-x86_64 | 2.0.11 | 12.46 | 26.95 | 39.41 | OK | |
r-release-linux-x86_64 | 2.0.11 | 13.22 | 27.42 | 40.64 | OK | |
r-release-macos-arm64 | 2.0.11 | 27.00 | OK | |||
r-release-windows-x86_64 | 2.0.11 | 13.00 | 51.00 | 64.00 | OK | |
r-oldrel-macos-arm64 | 2.0.11 | 29.00 | OK | |||
r-oldrel-macos-x86_64 | 2.0.11 | 80.00 | OK | |||
r-oldrel-windows-x86_64 | 2.0.11 | 14.00 | 51.00 | 65.00 | OK |
Version: 2.0.11
Check: compiled code
Result: NOTE
File ‘BiasedUrn/libs/BiasedUrn.so’:
Found no calls to: ‘R_registerRoutines’, ‘R_useDynamicSymbols’
It is good practice to register native routines and to disable symbol
search.
See ‘Writing portable packages’ in the ‘Writing R Extensions’ manual.
Flavors: r-devel-linux-x86_64-fedora-clang, r-devel-linux-x86_64-fedora-gcc