Last updated on 2024-05-13 09:50:38 CEST.
Flavor | Version | Tinstall | Tcheck | Ttotal | Status | Flags |
---|---|---|---|---|---|---|
r-devel-linux-x86_64-debian-clang | 1.0.1 | 21.68 | 32.68 | 54.36 | OK | |
r-devel-linux-x86_64-debian-gcc | 1.0.1 | 16.74 | 27.50 | 44.24 | OK | |
r-devel-linux-x86_64-fedora-clang | 1.0.1 | 80.90 | NOTE | |||
r-devel-linux-x86_64-fedora-gcc | 1.0.1 | 76.04 | OK | |||
r-devel-windows-x86_64 | 1.0.1 | 20.00 | 71.00 | 91.00 | OK | |
r-patched-linux-x86_64 | 1.0.1 | 23.64 | 33.59 | 57.23 | OK | |
r-release-linux-x86_64 | 1.0.1 | 21.39 | 33.87 | 55.26 | OK | |
r-release-macos-arm64 | 1.0.1 | 25.00 | OK | |||
r-release-windows-x86_64 | 1.0.1 | 21.00 | 70.00 | 91.00 | OK | |
r-oldrel-macos-arm64 | 1.0.1 | 27.00 | OK | |||
r-oldrel-macos-x86_64 | 1.0.1 | 38.00 | OK | |||
r-oldrel-windows-x86_64 | 1.0.1 | 24.00 | 76.00 | 100.00 | OK |
Version: 1.0.1
Check: Rd cross-references
Result: NOTE
Undeclared package ‘sitmo’ in Rd xrefs
Flavor: r-devel-linux-x86_64-fedora-clang