Last updated on 2025-10-21 09:48:28 CEST.
Flavor | Version | Tinstall | Tcheck | Ttotal | Status | Flags |
---|---|---|---|---|---|---|
r-devel-linux-x86_64-debian-clang | 1.3.3 | 19.24 | 72.60 | 91.84 | NOTE | |
r-devel-linux-x86_64-debian-gcc | 1.3.3 | 12.26 | 53.25 | 65.51 | NOTE | |
r-devel-linux-x86_64-fedora-clang | 1.3.3 | 140.74 | OK | |||
r-devel-linux-x86_64-fedora-gcc | 1.3.3 | 143.48 | OK | |||
r-devel-windows-x86_64 | 1.3.3 | 19.00 | 86.00 | 105.00 | OK | |
r-patched-linux-x86_64 | 1.3.3 | 19.15 | 68.08 | 87.23 | OK | |
r-release-linux-x86_64 | 1.3.3 | 14.32 | 67.23 | 81.55 | OK | |
r-release-macos-arm64 | 1.3.3 | 43.00 | OK | |||
r-release-macos-x86_64 | 1.3.3 | 71.00 | OK | |||
r-release-windows-x86_64 | 1.3.3 | 19.00 | 87.00 | 106.00 | OK | |
r-oldrel-macos-arm64 | 1.3.3 | 35.00 | OK | |||
r-oldrel-macos-x86_64 | 1.3.3 | 55.00 | OK | |||
r-oldrel-windows-x86_64 | 1.3.3 | 26.00 | 103.00 | 129.00 | OK |
Version: 1.3.3
Check: CRAN incoming feasibility
Result: NOTE
Maintainer: ‘Michał Krassowski <krassowski.michal+r@gmail.com>’
Package CITATION file contains call(s) to old-style citEntry(). Please
use bibentry() instead.
Flavors: r-devel-linux-x86_64-debian-clang, r-devel-linux-x86_64-debian-gcc
Version: 1.3.3
Check: HTML version of manual
Result: NOTE
Found the following HTML validation problems:
aes_percentage.html:54:1 (aes_percentage.Rd:14): Warning: missing </ul> before </div>
arrange_venn.html:93:1 (arrange_venn.Rd:39): Warning: missing </ul> before </div>
compare_between_intersections.html:83:1 (compare_between_intersections.Rd:33): Warning: missing </ul> before </div>
geom_venn_circle.html:113:1 (geom_venn_circle.Rd:55): Warning: missing </ul> before </div>
geom_venn_label_region.html:124:1 (geom_venn_label_region.Rd:62): Warning: missing </ul> before </div>
geom_venn_label_set.html:124:1 (geom_venn_label_set.Rd:62): Warning: missing </ul> before </div>
geom_venn_region.html:92:1 (geom_venn_region.Rd:40): Warning: missing </ul> before </div>
get_size_mode.html:50:1 (get_size_mode.Rd:12): Warning: missing </ul> before </div>
intersection_matrix.html:58:1 (intersection_matrix.Rd:18): Warning: missing </ul> before </div>
intersection_ratio.html:97:1 (intersection_ratio.Rd:40): Warning: missing </ul> before </div>
intersection_size.html:132:1 (intersection_size.Rd:71): Warning: missing </ul> before </div>
reverse_log_trans.html:46:1 (reverse_log_trans.Rd:10): Warning: missing </ul> before </div>
scale_color_venn_mix.html:122:1 (scale_color_venn_mix.Rd:56): Warning: missing </ul> before </div>
scale_fill_venn_mix.html:69:1 (scale_fill_venn_mix.Rd:22): Warning: missing </ul> before </div>
upset.html:181:1 (upset.Rd:87): Warning: missing </ul> before </div>
upset_annotate.html:51:1 (upset_annotate.Rd:12): Warning: missing </ul> before </div>
upset_data.html:148:1 (upset_data.Rd:72): Warning: missing </ul> before </div>
upset_default_themes.html:46:1 (upset_default_themes.Rd:10): Warning: missing </ul> before </div>
upset_mode.html:46:1 (upset_mode.Rd:10): Warning: missing </ul> before </div>
upset_modify_themes.html:46:1 (upset_modify_themes.Rd:10): Warning: missing </ul> before </div>
upset_set_size.html:63:1 (upset_set_size.Rd:21): Warning: missing </ul> before </div>
upset_stripes.html:63:1 (upset_stripes.Rd:21): Warning: missing </ul> before </div>
upset_test.html:69:1 (upset_test.Rd:22): Warning: missing </ul> before </div>
Flavor: r-devel-linux-x86_64-debian-gcc