Last updated on 2025-11-22 09:49:51 CET.
| Flavor | Version | Tinstall | Tcheck | Ttotal | Status | Flags |
|---|---|---|---|---|---|---|
| r-devel-linux-x86_64-debian-clang | 1.0.0 | 6.42 | 61.18 | 67.60 | NOTE | |
| r-devel-linux-x86_64-debian-gcc | 1.0.0 | 5.47 | 46.56 | 52.03 | NOTE | |
| r-devel-linux-x86_64-fedora-clang | 1.0.0 | 13.00 | 90.88 | 103.88 | NOTE | |
| r-devel-windows-x86_64 | 1.0.0 | 12.00 | 68.00 | 80.00 | OK | |
| r-patched-linux-x86_64 | 1.0.0 | 6.70 | 57.51 | 64.21 | OK | |
| r-release-linux-x86_64 | 1.0.0 | 6.39 | 57.89 | 64.28 | OK | |
| r-release-macos-arm64 | 1.0.0 | OK | ||||
| r-release-macos-x86_64 | 1.0.0 | 7.00 | 63.00 | 70.00 | OK | |
| r-release-windows-x86_64 | 1.0.0 | 8.00 | 66.00 | 74.00 | OK | |
| r-oldrel-macos-arm64 | 1.0.0 | OK | ||||
| r-oldrel-macos-x86_64 | 1.0.0 | 5.00 | 47.00 | 52.00 | OK | |
| r-oldrel-windows-x86_64 | 1.0.0 | 10.00 | 84.00 | 94.00 | OK |
Version: 1.0.0
Check: CRAN incoming feasibility
Result: NOTE
Maintainer: ‘Zijian Guo <zijguo@stat.rutgers.edu>’
No Authors@R field in DESCRIPTION.
Please add one, modifying
Authors@R: c(person(given = "Wei",
family = "Yuan",
role = "aut"),
person(given = "Zhenyu",
family = "Wang",
role = "aut"),
person(given = "Zijian",
family = "Guo",
role = c("aut", "cre"),
email = "zijguo@stat.rutgers.edu"),
person(given = "Cun-Hui",
family = "Zhang",
role = "aut"))
as necessary.
The Description field contains
<arxiv:1907.12732>. It constructs the confidence interval for the
Please refer to arXiv e-prints via their arXiv DOI <doi:10.48550/arXiv.YYMM.NNNNN>.
Flavors: r-devel-linux-x86_64-debian-clang, r-devel-linux-x86_64-debian-gcc
Version: 1.0.0
Check: dependencies in R code
Result: NOTE
Namespace in Imports field not imported from: ‘MASS’
All declared Imports should be used.
Flavor: r-devel-linux-x86_64-fedora-clang