Last updated on 2024-05-12 09:52:34 CEST.
Flavor | Version | Tinstall | Tcheck | Ttotal | Status | Flags |
---|---|---|---|---|---|---|
r-devel-linux-x86_64-debian-clang | 0.0.4 | 10.95 | 262.61 | 273.56 | NOTE | |
r-devel-linux-x86_64-debian-gcc | 0.0.4 | 7.94 | 193.08 | 201.02 | NOTE | |
r-devel-linux-x86_64-fedora-clang | 0.0.4 | 316.50 | NOTE | |||
r-devel-linux-x86_64-fedora-gcc | 0.0.4 | 327.48 | NOTE | |||
r-devel-windows-x86_64 | 0.0.4 | 8.00 | 174.00 | 182.00 | NOTE | |
r-patched-linux-x86_64 | 0.0.4 | 9.19 | 252.93 | 262.12 | NOTE | |
r-release-linux-x86_64 | 0.0.4 | 10.36 | 243.18 | 253.54 | NOTE | |
r-release-macos-arm64 | 0.0.4 | 84.00 | NOTE | |||
r-release-windows-x86_64 | 0.0.4 | 8.00 | 171.00 | 179.00 | NOTE | |
r-oldrel-macos-arm64 | 0.0.4 | 91.00 | NOTE | |||
r-oldrel-macos-x86_64 | 0.0.4 | 175.00 | NOTE | |||
r-oldrel-windows-x86_64 | 0.0.4 | 11.00 | 232.00 | 243.00 | NOTE |
Version: 0.0.4
Check: LazyData
Result: NOTE
'LazyData' is specified without a 'data' directory
Flavors: r-devel-linux-x86_64-debian-clang, r-devel-linux-x86_64-debian-gcc, r-devel-linux-x86_64-fedora-clang, r-devel-linux-x86_64-fedora-gcc, r-devel-windows-x86_64, r-patched-linux-x86_64, r-release-linux-x86_64, r-release-macos-arm64, r-release-windows-x86_64, r-oldrel-macos-arm64, r-oldrel-macos-x86_64, r-oldrel-windows-x86_64