Last updated on 2024-05-12 09:52:36 CEST.
Flavor | Version | Tinstall | Tcheck | Ttotal | Status | Flags |
---|---|---|---|---|---|---|
r-devel-linux-x86_64-debian-clang | 1.1 | 6.84 | 81.66 | 88.50 | NOTE | |
r-devel-linux-x86_64-debian-gcc | 1.1 | 7.42 | 60.51 | 67.93 | NOTE | |
r-devel-linux-x86_64-fedora-clang | 1.1 | 109.70 | NOTE | |||
r-devel-linux-x86_64-fedora-gcc | 1.1 | 106.80 | NOTE | |||
r-devel-windows-x86_64 | 1.1 | 9.00 | 79.00 | 88.00 | NOTE | |
r-patched-linux-x86_64 | 1.1 | 6.99 | 75.94 | 82.93 | NOTE | |
r-release-linux-x86_64 | 1.1 | 5.98 | 73.75 | 79.73 | NOTE | |
r-release-macos-arm64 | 1.1 | 35.00 | NOTE | |||
r-release-windows-x86_64 | 1.1 | 9.00 | 79.00 | 88.00 | NOTE | |
r-oldrel-macos-arm64 | 1.1 | 38.00 | OK | |||
r-oldrel-macos-x86_64 | 1.1 | 63.00 | OK | |||
r-oldrel-windows-x86_64 | 1.1 | 11.00 | 96.00 | 107.00 | OK |
Version: 1.1
Check: Rd files
Result: NOTE
checkRd: (-1) FiSh-package.Rd:19: Lost braces
19 | \doi{10.3389/feart.2020.00255}{Frontiers in Earth Science, 8:255}.
| ^
checkRd: (-1) FiSh-package.Rd:32: Lost braces
32 | \doi{10.3389/feart.2020.00255}{Frontiers in Earth Science, 8:255}.
| ^
checkRd: (-1) SEP_FIM.Rd:46: Lost braces
46 | \doi{10.3389/feart.2020.00255}{Frontiers in Earth Science, 8:255}.
| ^
Flavors: r-devel-linux-x86_64-debian-clang, r-devel-linux-x86_64-debian-gcc, r-devel-linux-x86_64-fedora-clang, r-devel-linux-x86_64-fedora-gcc, r-devel-windows-x86_64, r-patched-linux-x86_64, r-release-linux-x86_64, r-release-macos-arm64, r-release-windows-x86_64