Last updated on 2024-05-12 09:52:37 CEST.
Flavor | Version | Tinstall | Tcheck | Ttotal | Status | Flags |
---|---|---|---|---|---|---|
r-devel-linux-x86_64-debian-clang | 1.0 | 37.05 | 34.12 | 71.17 | OK | |
r-devel-linux-x86_64-debian-gcc | 1.0 | 26.76 | 25.53 | 52.29 | OK | |
r-devel-linux-x86_64-fedora-clang | 1.0 | 96.61 | NOTE | |||
r-devel-linux-x86_64-fedora-gcc | 1.0 | 96.72 | NOTE | |||
r-devel-windows-x86_64 | 1.0 | 29.00 | 67.00 | 96.00 | OK | |
r-patched-linux-x86_64 | 1.0 | 35.49 | 32.95 | 68.44 | OK | |
r-release-linux-x86_64 | 1.0 | 33.90 | 32.63 | 66.53 | OK | |
r-release-macos-arm64 | 1.0 | 26.00 | OK | |||
r-release-windows-x86_64 | 1.0 | 28.00 | 65.00 | 93.00 | OK | |
r-oldrel-macos-arm64 | 1.0 | 29.00 | OK | |||
r-oldrel-macos-x86_64 | 1.0 | 44.00 | OK | |||
r-oldrel-windows-x86_64 | 1.0 | 31.00 | 72.00 | 103.00 | OK |
Version: 1.0
Check: compiled code
Result: NOTE
File ‘GLMaSPU/libs/GLMaSPU.so’:
Found no calls to: ‘R_registerRoutines’, ‘R_useDynamicSymbols’
It is good practice to register native routines and to disable symbol
search.
See ‘Writing portable packages’ in the ‘Writing R Extensions’ manual.
Flavors: r-devel-linux-x86_64-fedora-clang, r-devel-linux-x86_64-fedora-gcc