Last updated on 2024-05-12 09:52:38 CEST.
Flavor | Version | Tinstall | Tcheck | Ttotal | Status | Flags |
---|---|---|---|---|---|---|
r-devel-linux-x86_64-debian-clang | 0.4-4 | 109.45 | 90.67 | 200.12 | NOTE | --no-vignettes |
r-devel-linux-x86_64-debian-gcc | 0.4-4 | 78.50 | 67.62 | 146.12 | NOTE | --no-vignettes |
r-devel-linux-x86_64-fedora-clang | 0.4-4 | 569.14 | NOTE | |||
r-devel-linux-x86_64-fedora-gcc | 0.4-4 | 904.22 | NOTE | |||
r-devel-windows-x86_64 | 0.4-4 | 80.00 | 237.00 | 317.00 | NOTE | |
r-patched-linux-x86_64 | 0.4-4 | 105.21 | 88.71 | 193.92 | NOTE | --no-vignettes |
r-release-linux-x86_64 | 0.4-4 | 101.94 | 88.25 | 190.19 | NOTE | --no-vignettes |
r-release-macos-arm64 | 0.4-4 | 115.00 | NOTE | |||
r-release-windows-x86_64 | 0.4-4 | 77.00 | 236.00 | 313.00 | NOTE | |
r-oldrel-macos-arm64 | 0.4-4 | 141.00 | NOTE | |||
r-oldrel-macos-x86_64 | 0.4-4 | 223.00 | NOTE | |||
r-oldrel-windows-x86_64 | 0.4-4 | 97.00 | 273.00 | 370.00 | NOTE |
Version: 0.4-4
Flags: --no-vignettes
Check: C++ specification
Result: NOTE
Specified C++11: please drop specification unless essential
Flavors: r-devel-linux-x86_64-debian-clang, r-devel-linux-x86_64-debian-gcc, r-patched-linux-x86_64, r-release-linux-x86_64
Version: 0.4-4
Check: C++ specification
Result: NOTE
Specified C++11: please drop specification unless essential
Flavors: r-devel-linux-x86_64-fedora-clang, r-devel-linux-x86_64-fedora-gcc, r-devel-windows-x86_64, r-release-macos-arm64, r-release-windows-x86_64, r-oldrel-macos-arm64, r-oldrel-macos-x86_64, r-oldrel-windows-x86_64
Version: 0.4-4
Check: installed package size
Result: NOTE
installed size is 5.8Mb
sub-directories of 1Mb or more:
doc 1.1Mb
libs 3.5Mb
Flavors: r-release-macos-arm64, r-oldrel-macos-arm64, r-oldrel-macos-x86_64