Last updated on 2024-05-13 09:50:48 CEST.
Flavor | Version | Tinstall | Tcheck | Ttotal | Status | Flags |
---|---|---|---|---|---|---|
r-devel-linux-x86_64-debian-clang | 0.1.0 | 16.43 | 132.28 | 148.71 | NOTE | |
r-devel-linux-x86_64-debian-gcc | 0.1.0 | 12.87 | 97.13 | 110.00 | NOTE | |
r-devel-linux-x86_64-fedora-clang | 0.1.0 | 184.67 | NOTE | |||
r-devel-linux-x86_64-fedora-gcc | 0.1.0 | 238.80 | NOTE | |||
r-devel-windows-x86_64 | 0.1.0 | 14.00 | 101.00 | 115.00 | NOTE | |
r-patched-linux-x86_64 | 0.1.0 | 11.64 | 122.10 | 133.74 | NOTE | |
r-release-linux-x86_64 | 0.1.0 | 10.10 | 125.65 | 135.75 | NOTE | |
r-release-macos-arm64 | 0.1.0 | 50.00 | NOTE | |||
r-release-windows-x86_64 | 0.1.0 | 14.00 | 102.00 | 116.00 | NOTE | |
r-oldrel-macos-arm64 | 0.1.0 | 59.00 | NOTE | |||
r-oldrel-macos-x86_64 | 0.1.0 | 88.00 | NOTE | |||
r-oldrel-windows-x86_64 | 0.1.0 | 19.00 | 132.00 | 151.00 | NOTE |
Version: 0.1.0
Check: LazyData
Result: NOTE
'LazyData' is specified without a 'data' directory
Flavors: r-devel-linux-x86_64-debian-clang, r-devel-linux-x86_64-debian-gcc, r-devel-linux-x86_64-fedora-clang, r-devel-linux-x86_64-fedora-gcc, r-devel-windows-x86_64, r-patched-linux-x86_64, r-release-linux-x86_64, r-release-macos-arm64, r-release-windows-x86_64, r-oldrel-macos-arm64, r-oldrel-macos-x86_64, r-oldrel-windows-x86_64