CRAN Package Check Results for Package LEGIT

Last updated on 2025-11-21 09:49:08 CET.

Flavor Version Tinstall Tcheck Ttotal Status Flags
r-devel-linux-x86_64-debian-clang 1.4.1 9.80 256.41 266.21 NOTE
r-devel-linux-x86_64-debian-gcc 1.4.1 7.25 177.13 184.38 NOTE
r-devel-linux-x86_64-fedora-clang 1.4.1 20.00 404.77 424.77 OK
r-devel-linux-x86_64-fedora-gcc 1.4.1 48.00 417.63 465.63 OK
r-devel-windows-x86_64 1.4.1 20.00 227.00 247.00 NOTE
r-patched-linux-x86_64 1.4.1 11.67 242.32 253.99 OK
r-release-linux-x86_64 1.4.1 8.87 243.59 252.46 OK
r-release-macos-arm64 1.4.1 OK
r-release-macos-x86_64 1.4.1 9.00 224.00 233.00 OK
r-release-windows-x86_64 1.4.1 14.00 225.00 239.00 OK
r-oldrel-macos-arm64 1.4.1 OK
r-oldrel-macos-x86_64 1.4.1 7.00 183.00 190.00 OK
r-oldrel-windows-x86_64 1.4.1 18.00 310.00 328.00 OK

Check Details

Version: 1.4.1
Check: CRAN incoming feasibility
Result: NOTE Maintainer: ‘Alexia Jolicoeur-Martineau <alexia.jolicoeur-martineau@mail.mcgill.ca>’ No Authors@R field in DESCRIPTION. Please add one, modifying Authors@R: person(given = "Alexia", family = "Jolicoeur-Martineau", role = c("aut", "cre"), email = "alexia.jolicoeur-martineau@mail.mcgill.ca") as necessary. The Description field contains <arXiv:1703.08111>. This approach has greatly enhanced predictive power are available <arXiv:1712.04058>. The software can now produce Please refer to arXiv e-prints via their arXiv DOI <doi:10.48550/arXiv.YYMM.NNNNN>. Flavors: r-devel-linux-x86_64-debian-clang, r-devel-linux-x86_64-debian-gcc

Version: 1.4.1
Check: Rd files
Result: NOTE checkRd: (-1) example_2way.Rd:30-33: Only 2 columns allowed in this table (row 1 has 1) checkRd: (-1) example_2way.Rd:30-33: Only 2 columns allowed in this table (row 2 has 1) checkRd: (-1) example_2way_lme4.Rd:33-36: Only 2 columns allowed in this table (row 1 has 1) checkRd: (-1) example_2way_lme4.Rd:33-36: Only 2 columns allowed in this table (row 2 has 1) checkRd: (-1) example_3way.Rd:31-34: Only 2 columns allowed in this table (row 1 has 1) checkRd: (-1) example_3way.Rd:31-34: Only 2 columns allowed in this table (row 2 has 1) checkRd: (-1) example_3way_3latent.Rd:33-36: Only 2 columns allowed in this table (row 1 has 1) checkRd: (-1) example_3way_3latent.Rd:33-36: Only 2 columns allowed in this table (row 2 has 1) checkRd: (-1) example_with_crossover.Rd:50-53: Only 2 columns allowed in this table (row 1 has 1) checkRd: (-1) example_with_crossover.Rd:50-53: Only 2 columns allowed in this table (row 2 has 1) Flavor: r-devel-windows-x86_64