Last updated on 2024-05-13 09:50:51 CEST.
Flavor | Version | Tinstall | Tcheck | Ttotal | Status | Flags |
---|---|---|---|---|---|---|
r-devel-linux-x86_64-debian-clang | 1.14.1 | 79.91 | 247.55 | 327.46 | NOTE | |
r-devel-linux-x86_64-debian-gcc | 1.14.1 | 60.90 | 188.69 | 249.59 | NOTE | |
r-devel-linux-x86_64-fedora-clang | 1.14.1 | 406.13 | NOTE | |||
r-devel-linux-x86_64-fedora-gcc | 1.14.1 | 482.79 | NOTE | |||
r-devel-windows-x86_64 | 1.14.1 | 57.00 | 242.00 | 299.00 | NOTE | |
r-patched-linux-x86_64 | 1.14.1 | 86.28 | 237.85 | 324.13 | NOTE | |
r-release-linux-x86_64 | 1.14.1 | 77.46 | 233.35 | 310.81 | NOTE | |
r-release-macos-arm64 | 1.14.1 | 107.00 | NOTE | |||
r-release-windows-x86_64 | 1.14.1 | 56.00 | 234.00 | 290.00 | NOTE | |
r-oldrel-macos-arm64 | 1.14.1 | 123.00 | NOTE | |||
r-oldrel-macos-x86_64 | 1.14.1 | 199.00 | NOTE | |||
r-oldrel-windows-x86_64 | 1.14.1 | 68.00 | 280.00 | 348.00 | OK |
Version: 1.14.1
Check: Rd files
Result: NOTE
checkRd: (-1) get.mpt.fia.Rd:60: Lost braces
60 | \item{lnconst}{When inequality constraints are present, \code{lnconst} serves as an adjustment of code{lnInt}. It estimates the logarithm of the proportion of parameter space [0,1]^S that satisfies those inequality constraints, and the log integral term is given by \code{lnInt+lnconst}.
| ^
checkRd: (-1) prediction.plot.Rd:38: Lost braces
38 | The labels on the x-axis. Default is \code{Tree 1} to code{Tree n}.
| ^
Flavors: r-devel-linux-x86_64-debian-clang, r-devel-linux-x86_64-debian-gcc, r-devel-linux-x86_64-fedora-clang, r-devel-linux-x86_64-fedora-gcc, r-devel-windows-x86_64, r-patched-linux-x86_64, r-release-linux-x86_64, r-release-macos-arm64, r-release-windows-x86_64
Version: 1.14.1
Check: installed package size
Result: NOTE
installed size is 13.3Mb
sub-directories of 1Mb or more:
libs 12.3Mb
Flavors: r-release-macos-arm64, r-oldrel-macos-arm64, r-oldrel-macos-x86_64