Last updated on 2024-05-12 09:52:42 CEST.
Flavor | Version | Tinstall | Tcheck | Ttotal | Status | Flags |
---|---|---|---|---|---|---|
r-devel-linux-x86_64-debian-clang | 4.5.5 | 118.46 | 217.65 | 336.11 | NOTE | |
r-devel-linux-x86_64-debian-gcc | 4.5.5 | 85.13 | 158.98 | 244.11 | NOTE | |
r-devel-linux-x86_64-fedora-clang | 4.5.5 | 462.82 | NOTE | |||
r-devel-linux-x86_64-fedora-gcc | 4.5.5 | 491.28 | NOTE | |||
r-devel-windows-x86_64 | 4.5.5 | 87.00 | 214.00 | 301.00 | NOTE | |
r-patched-linux-x86_64 | 4.5.5 | 109.36 | 203.35 | 312.71 | NOTE | |
r-release-linux-x86_64 | 4.5.5 | 120.13 | 208.21 | 328.34 | NOTE | |
r-release-macos-arm64 | 4.5.5 | 109.00 | NOTE | |||
r-release-windows-x86_64 | 4.5.5 | 88.00 | 209.00 | 297.00 | NOTE | |
r-oldrel-macos-arm64 | 4.5.5 | 124.00 | NOTE | |||
r-oldrel-macos-x86_64 | 4.5.5 | 256.00 | NOTE | |||
r-oldrel-windows-x86_64 | 4.5.5 | 107.00 | 242.00 | 349.00 | NOTE |
Version: 4.5.5
Check: package dependencies
Result: NOTE
Package suggested but not available for checking: ‘gurobi’
Flavors: r-devel-linux-x86_64-debian-clang, r-devel-linux-x86_64-debian-gcc, r-devel-linux-x86_64-fedora-clang, r-devel-linux-x86_64-fedora-gcc, r-devel-windows-x86_64, r-patched-linux-x86_64, r-release-linux-x86_64, r-release-macos-arm64, r-release-windows-x86_64, r-oldrel-macos-arm64, r-oldrel-macos-x86_64, r-oldrel-windows-x86_64
Version: 4.5.5
Check: installed package size
Result: NOTE
installed size is 5.8Mb
sub-directories of 1Mb or more:
doc 1.4Mb
libs 3.3Mb
Flavors: r-release-macos-arm64, r-oldrel-macos-arm64, r-oldrel-macos-x86_64