Last updated on 2025-11-25 09:50:12 CET.
| Flavor | Version | Tinstall | Tcheck | Ttotal | Status | Flags |
|---|---|---|---|---|---|---|
| r-devel-linux-x86_64-debian-clang | 1.0.0 | 2.93 | 23.21 | 26.14 | NOTE | |
| r-devel-linux-x86_64-debian-gcc | 1.0.0 | 2.11 | 18.46 | 20.57 | NOTE | |
| r-devel-linux-x86_64-fedora-clang | 1.0.0 | 40.16 | OK | |||
| r-devel-linux-x86_64-fedora-gcc | 1.0.0 | 38.26 | OK | |||
| r-devel-windows-x86_64 | 1.0.0 | 5.00 | 43.00 | 48.00 | OK | |
| r-patched-linux-x86_64 | 1.0.0 | 2.98 | 21.90 | 24.88 | OK | |
| r-release-linux-x86_64 | 1.0.0 | 2.82 | 22.43 | 25.25 | OK | |
| r-release-macos-arm64 | 1.0.0 | OK | ||||
| r-release-macos-x86_64 | 1.0.0 | 2.00 | 27.00 | 29.00 | OK | |
| r-release-windows-x86_64 | 1.0.0 | 4.00 | 51.00 | 55.00 | OK | |
| r-oldrel-macos-arm64 | 1.0.0 | OK | ||||
| r-oldrel-macos-x86_64 | 1.0.0 | 2.00 | 25.00 | 27.00 | OK | |
| r-oldrel-windows-x86_64 | 1.0.0 | 5.00 | 50.00 | 55.00 | OK |
Version: 1.0.0
Check: CRAN incoming feasibility
Result: NOTE
Maintainer: ‘Michael P.B. Gallaugher <michael_gallaugher@baylor.edu>’
The Description field contains
<arXiv:2005.03861>. One key advantage of this model is the ability to
Please refer to arXiv e-prints via their arXiv DOI <doi:10.48550/arXiv.YYMM.NNNNN>.
Flavors: r-devel-linux-x86_64-debian-clang, r-devel-linux-x86_64-debian-gcc