Last updated on 2024-05-12 09:52:47 CEST.
Flavor | Version | Tinstall | Tcheck | Ttotal | Status | Flags |
---|---|---|---|---|---|---|
r-devel-linux-x86_64-debian-clang | 0.2.0 | 39.52 | 70.12 | 109.64 | NOTE | |
r-devel-linux-x86_64-debian-gcc | 0.2.0 | 29.36 | 48.86 | 78.22 | NOTE | |
r-devel-linux-x86_64-fedora-clang | 0.2.0 | 141.22 | NOTE | |||
r-devel-linux-x86_64-fedora-gcc | 0.2.0 | 197.55 | NOTE | |||
r-devel-windows-x86_64 | 0.2.0 | 28.00 | 96.00 | 124.00 | NOTE | |
r-patched-linux-x86_64 | 0.2.0 | 29.96 | 62.51 | 92.47 | NOTE | |
r-release-linux-x86_64 | 0.2.0 | 32.65 | 64.30 | 96.95 | NOTE | |
r-release-macos-arm64 | 0.2.0 | 47.00 | NOTE | |||
r-release-windows-x86_64 | 0.2.0 | 27.00 | 95.00 | 122.00 | NOTE | |
r-oldrel-macos-arm64 | 0.2.0 | 54.00 | NOTE | |||
r-oldrel-macos-x86_64 | 0.2.0 | 75.00 | NOTE | |||
r-oldrel-windows-x86_64 | 0.2.0 | 33.00 | 118.00 | 151.00 | NOTE |
Version: 0.2.0
Check: C++ specification
Result: NOTE
Specified C++11: please drop specification unless essential
Flavors: r-devel-linux-x86_64-debian-clang, r-devel-linux-x86_64-debian-gcc, r-devel-linux-x86_64-fedora-clang, r-devel-linux-x86_64-fedora-gcc, r-devel-windows-x86_64, r-patched-linux-x86_64, r-release-linux-x86_64, r-release-macos-arm64, r-release-windows-x86_64, r-oldrel-macos-arm64, r-oldrel-macos-x86_64, r-oldrel-windows-x86_64