Last updated on 2024-05-13 09:50:53 CEST.
Flavor | Version | Tinstall | Tcheck | Ttotal | Status | Flags |
---|---|---|---|---|---|---|
r-devel-linux-x86_64-debian-clang | 1.0.1 | 41.24 | 76.58 | 117.82 | NOTE | |
r-devel-linux-x86_64-debian-gcc | 1.0.1 | 29.73 | 56.85 | 86.58 | NOTE | |
r-devel-linux-x86_64-fedora-clang | 1.0.1 | 150.17 | NOTE | |||
r-devel-linux-x86_64-fedora-gcc | 1.0.1 | 211.85 | NOTE | |||
r-devel-windows-x86_64 | 1.0.1 | 32.00 | 97.00 | 129.00 | NOTE | |
r-patched-linux-x86_64 | 1.0.1 | 38.57 | 73.32 | 111.89 | NOTE | |
r-release-linux-x86_64 | 1.0.1 | 34.53 | 71.49 | 106.02 | NOTE | |
r-release-macos-arm64 | 1.0.1 | 45.00 | NOTE | |||
r-release-windows-x86_64 | 1.0.1 | 32.00 | 94.00 | 126.00 | NOTE | |
r-oldrel-macos-arm64 | 1.0.1 | 46.00 | NOTE | |||
r-oldrel-macos-x86_64 | 1.0.1 | 71.00 | NOTE | |||
r-oldrel-windows-x86_64 | 1.0.1 | 39.00 | 112.00 | 151.00 | NOTE |
Version: 1.0.1
Check: C++ specification
Result: NOTE
Specified C++11: please drop specification unless essential
Flavors: r-devel-linux-x86_64-debian-clang, r-devel-linux-x86_64-debian-gcc, r-devel-linux-x86_64-fedora-clang, r-devel-linux-x86_64-fedora-gcc, r-devel-windows-x86_64, r-patched-linux-x86_64, r-release-linux-x86_64, r-release-macos-arm64, r-release-windows-x86_64, r-oldrel-macos-arm64, r-oldrel-macos-x86_64, r-oldrel-windows-x86_64
Version: 1.0.1
Check: compiled code
Result: NOTE
File ‘PenCoxFrail/libs/PenCoxFrail.so’:
Found no calls to: ‘R_registerRoutines’, ‘R_useDynamicSymbols’
It is good practice to register native routines and to disable symbol
search.
See ‘Writing portable packages’ in the ‘Writing R Extensions’ manual.
Flavors: r-devel-linux-x86_64-fedora-clang, r-devel-linux-x86_64-fedora-gcc