Last updated on 2024-05-12 09:52:49 CEST.
Flavor | Version | Tinstall | Tcheck | Ttotal | Status | Flags |
---|---|---|---|---|---|---|
r-devel-linux-x86_64-debian-clang | 0.2.10 | 52.23 | 62.31 | 114.54 | NOTE | |
r-devel-linux-x86_64-debian-gcc | 0.2.10 | 39.34 | 46.47 | 85.81 | NOTE | |
r-devel-linux-x86_64-fedora-clang | 0.2.10 | 156.00 | NOTE | |||
r-devel-linux-x86_64-fedora-gcc | 0.2.10 | 220.63 | NOTE | |||
r-devel-windows-x86_64 | 0.2.10 | 39.00 | 90.00 | 129.00 | NOTE | |
r-patched-linux-x86_64 | 0.2.10 | 41.33 | 59.24 | 100.57 | NOTE | |
r-release-linux-x86_64 | 0.2.10 | 46.15 | 60.59 | 106.74 | NOTE | |
r-release-macos-arm64 | 0.2.10 | 45.00 | NOTE | |||
r-release-windows-x86_64 | 0.2.10 | 38.00 | 88.00 | 126.00 | NOTE | |
r-oldrel-macos-arm64 | 0.2.10 | 47.00 | NOTE | |||
r-oldrel-macos-x86_64 | 0.2.10 | 76.00 | NOTE | |||
r-oldrel-windows-x86_64 | 0.2.10 | 49.00 | 101.00 | 150.00 | NOTE |
Version: 0.2.10
Check: C++ specification
Result: NOTE
Specified C++11: please drop specification unless essential
Flavors: r-devel-linux-x86_64-debian-clang, r-devel-linux-x86_64-debian-gcc, r-devel-linux-x86_64-fedora-clang, r-devel-linux-x86_64-fedora-gcc, r-devel-windows-x86_64, r-patched-linux-x86_64, r-release-linux-x86_64, r-release-macos-arm64, r-release-windows-x86_64, r-oldrel-macos-arm64, r-oldrel-macos-x86_64, r-oldrel-windows-x86_64