Last updated on 2025-11-21 09:49:13 CET.
| Flavor | Version | Tinstall | Tcheck | Ttotal | Status | Flags |
|---|---|---|---|---|---|---|
| r-devel-linux-x86_64-debian-clang | 1.0.2 | 9.28 | 23.64 | 32.92 | OK | |
| r-devel-linux-x86_64-debian-gcc | 1.0.2 | 8.57 | 19.27 | 27.84 | OK | |
| r-devel-linux-x86_64-fedora-clang | 1.0.2 | 20.00 | 26.67 | 46.67 | OK | |
| r-devel-linux-x86_64-fedora-gcc | 1.0.2 | 18.00 | 26.95 | 44.95 | OK | |
| r-devel-windows-x86_64 | 1.0.2 | 11.00 | 40.00 | 51.00 | OK | |
| r-patched-linux-x86_64 | 1.0.2 | 9.97 | 21.23 | 31.20 | OK | |
| r-release-linux-x86_64 | 1.0.2 | 9.20 | 21.04 | 30.24 | OK | |
| r-release-macos-arm64 | 1.0.2 | OK | ||||
| r-release-macos-x86_64 | 1.0.2 | 12.00 | 27.00 | 39.00 | OK | |
| r-release-windows-x86_64 | 1.0.2 | 9.00 | 38.00 | 47.00 | OK | |
| r-oldrel-macos-arm64 | 1.0.2 | NOTE | ||||
| r-oldrel-macos-x86_64 | 1.0.2 | 8.00 | 27.00 | 35.00 | NOTE | |
| r-oldrel-windows-x86_64 | 1.0.2 | 13.00 | 44.00 | 57.00 | OK |
Version: 1.0.2
Check: installed package size
Result: NOTE
installed size is 5.4Mb
sub-directories of 1Mb or more:
data 5.2Mb
Flavors: r-oldrel-macos-arm64, r-oldrel-macos-x86_64