Last updated on 2024-05-12 09:52:48 CEST.
Flavor | Version | Tinstall | Tcheck | Ttotal | Status | Flags |
---|---|---|---|---|---|---|
r-devel-linux-x86_64-debian-clang | 0.3-6 | 12.79 | 137.88 | 150.67 | NOTE | |
r-devel-linux-x86_64-debian-gcc | 0.3-6 | 12.48 | 99.95 | 112.43 | NOTE | |
r-devel-linux-x86_64-fedora-clang | 0.3-6 | 191.37 | NOTE | |||
r-devel-linux-x86_64-fedora-gcc | 0.3-6 | 247.31 | NOTE | |||
r-devel-windows-x86_64 | 0.3-6 | 14.00 | 107.00 | 121.00 | NOTE | |
r-patched-linux-x86_64 | 0.3-6 | 17.42 | 128.14 | 145.56 | NOTE | |
r-release-linux-x86_64 | 0.3-6 | 13.58 | 130.36 | 143.94 | NOTE | |
r-release-macos-arm64 | 0.3-6 | 48.00 | NOTE | |||
r-release-windows-x86_64 | 0.3-6 | 14.00 | 127.00 | 141.00 | NOTE | |
r-oldrel-macos-arm64 | 0.3-6 | 53.00 | OK | |||
r-oldrel-macos-x86_64 | 0.3-6 | 94.00 | OK | |||
r-oldrel-windows-x86_64 | 0.3-6 | 20.00 | 137.00 | 157.00 | OK |
Version: 0.3-6
Check: Rd files
Result: NOTE
checkRd: (-1) Rchoice.Rd:159: Lost braces; missing escapes or markup?
159 | \code{ranp}. If the parameters are assumed to be normally distributed \eqn{\beta_i ~ N(\beta, \Sigma)}, then the random parameter are constructed as: \deqn{\beta_{ir}=\beta+L\omega_{ir}} where \eqn{LL'=\Sigma} and \eqn{\omega_{ir}} is the {r}-th draw from standard normal distribution for individual \eqn{i}.
| ^
Flavors: r-devel-linux-x86_64-debian-clang, r-devel-linux-x86_64-debian-gcc, r-devel-linux-x86_64-fedora-clang, r-devel-linux-x86_64-fedora-gcc, r-devel-windows-x86_64, r-patched-linux-x86_64, r-release-linux-x86_64, r-release-macos-arm64, r-release-windows-x86_64