Last updated on 2024-05-13 09:50:56 CEST.
Flavor | Version | Tinstall | Tcheck | Ttotal | Status | Flags |
---|---|---|---|---|---|---|
r-devel-linux-x86_64-debian-clang | 0.2.6 | 112.07 | 89.17 | 201.24 | NOTE | |
r-devel-linux-x86_64-debian-gcc | 0.2.6 | 94.06 | 63.59 | 157.65 | NOTE | |
r-devel-linux-x86_64-fedora-clang | 0.2.6 | 277.23 | NOTE | |||
r-devel-linux-x86_64-fedora-gcc | 0.2.6 | 459.99 | NOTE | |||
r-devel-windows-x86_64 | 0.2.6 | 92.00 | 123.00 | 215.00 | NOTE | |
r-patched-linux-x86_64 | 0.2.6 | 125.28 | 84.47 | 209.75 | NOTE | |
r-release-linux-x86_64 | 0.2.6 | 127.62 | 83.09 | 210.71 | NOTE | |
r-release-macos-arm64 | 0.2.6 | 56.00 | NOTE | |||
r-release-windows-x86_64 | 0.2.6 | 91.00 | 118.00 | 209.00 | NOTE | |
r-oldrel-macos-arm64 | 0.2.6 | 68.00 | NOTE | |||
r-oldrel-macos-x86_64 | 0.2.6 | 120.00 | NOTE | |||
r-oldrel-windows-x86_64 | 0.2.6 | 90.00 | 270.00 | 360.00 | NOTE |
Version: 0.2.6
Check: C++ specification
Result: NOTE
Specified C++11: please drop specification unless essential
Flavors: r-devel-linux-x86_64-debian-clang, r-devel-linux-x86_64-debian-gcc, r-devel-linux-x86_64-fedora-clang, r-devel-linux-x86_64-fedora-gcc, r-devel-windows-x86_64, r-patched-linux-x86_64, r-release-linux-x86_64, r-release-macos-arm64, r-release-windows-x86_64, r-oldrel-macos-arm64, r-oldrel-macos-x86_64, r-oldrel-windows-x86_64
Version: 0.2.6
Check: installed package size
Result: NOTE
installed size is 8.6Mb
sub-directories of 1Mb or more:
libs 8.4Mb
Flavors: r-release-macos-arm64, r-oldrel-macos-arm64, r-oldrel-macos-x86_64