CRAN Package Check Results for Package SequentialDesign

Last updated on 2025-11-11 09:50:22 CET.

Flavor Version Tinstall Tcheck Ttotal Status Flags
r-devel-linux-x86_64-debian-clang 1.0 2.57 26.57 29.14 OK
r-devel-linux-x86_64-debian-gcc 1.0 2.05 21.67 23.72 OK
r-devel-linux-x86_64-fedora-clang 1.0 11.00 33.57 44.57 OK
r-devel-linux-x86_64-fedora-gcc 1.0 40.63 OK
r-devel-windows-x86_64 1.0 5.00 45.00 50.00 OK
r-patched-linux-x86_64 1.0 2.48 25.06 27.54 OK
r-release-linux-x86_64 1.0 1.53 24.66 26.19 OK
r-release-macos-arm64 1.0 2.00 17.00 19.00 OK
r-release-macos-x86_64 1.0 2.00 22.00 24.00 OK
r-release-windows-x86_64 1.0 4.00 46.00 50.00 OK
r-oldrel-macos-arm64 1.0 1.00 16.00 17.00 NOTE
r-oldrel-macos-x86_64 1.0 2.00 20.00 22.00 NOTE
r-oldrel-windows-x86_64 1.0 5.00 50.00 55.00 NOTE

Check Details

Version: 1.0
Check: LazyData
Result: NOTE 'LazyData' is specified without a 'data' directory Flavors: r-oldrel-macos-arm64, r-oldrel-macos-x86_64, r-oldrel-windows-x86_64