Last updated on 2024-05-12 09:52:51 CEST.
Flavor | Version | Tinstall | Tcheck | Ttotal | Status | Flags |
---|---|---|---|---|---|---|
r-devel-linux-x86_64-debian-clang | 0.4.0 | 5.54 | 53.18 | 58.72 | NOTE | |
r-devel-linux-x86_64-debian-gcc | 0.4.0 | 4.00 | 38.75 | 42.75 | NOTE | |
r-devel-linux-x86_64-fedora-clang | 0.4.0 | 74.59 | NOTE | |||
r-devel-linux-x86_64-fedora-gcc | 0.4.0 | 79.45 | NOTE | |||
r-devel-windows-x86_64 | 0.4.0 | 7.00 | 66.00 | 73.00 | NOTE | |
r-patched-linux-x86_64 | 0.4.0 | 5.17 | 50.82 | 55.99 | NOTE | |
r-release-linux-x86_64 | 0.4.0 | 3.94 | 50.33 | 54.27 | NOTE | |
r-release-macos-arm64 | 0.4.0 | 26.00 | NOTE | |||
r-release-windows-x86_64 | 0.4.0 | 7.00 | 66.00 | 73.00 | NOTE | |
r-oldrel-macos-arm64 | 0.4.0 | 26.00 | OK | |||
r-oldrel-macos-x86_64 | 0.4.0 | 38.00 | OK | |||
r-oldrel-windows-x86_64 | 0.4.0 | 7.00 | 68.00 | 75.00 | OK |
Version: 0.4.0
Check: Rd files
Result: NOTE
checkRd: (-1) age_corr.Rd:15: Lost braces
15 | \item{plot}{Should the results be plotted? (/code{TRUE/FALSE})}
| ^
checkRd: (-1) age_corr.Rd:17: Lost braces
17 | \item{agecorrection}{Correct for jumps in age (/code{TRUE}) or
| ^
checkRd: (-1) age_corr.Rd:18: Lost braces
18 | only for starting time (/code{FALSE})}
| ^
Flavors: r-devel-linux-x86_64-debian-clang, r-devel-linux-x86_64-debian-gcc, r-devel-linux-x86_64-fedora-clang, r-devel-linux-x86_64-fedora-gcc, r-devel-windows-x86_64, r-patched-linux-x86_64, r-release-linux-x86_64, r-release-macos-arm64, r-release-windows-x86_64