Last updated on 2025-11-02 09:48:49 CET.
| Flavor | Version | Tinstall | Tcheck | Ttotal | Status | Flags |
|---|---|---|---|---|---|---|
| r-devel-linux-x86_64-debian-clang | 0.0.6 | 8.15 | 84.95 | 93.10 | NOTE | |
| r-devel-linux-x86_64-debian-gcc | 0.0.6 | 5.40 | 58.83 | 64.23 | NOTE | |
| r-devel-linux-x86_64-fedora-clang | 0.0.6 | 18.00 | 126.86 | 144.86 | OK | |
| r-devel-linux-x86_64-fedora-gcc | 0.0.6 | 18.00 | 124.59 | 142.59 | OK | |
| r-devel-windows-x86_64 | 0.0.6 | 10.00 | 96.00 | 106.00 | OK | |
| r-patched-linux-x86_64 | 0.0.6 | 8.61 | 79.77 | 88.38 | OK | |
| r-release-linux-x86_64 | 0.0.6 | 6.79 | 80.10 | 86.89 | OK | |
| r-release-macos-arm64 | 0.0.6 | 4.00 | 39.00 | 43.00 | OK | |
| r-release-macos-x86_64 | 0.0.6 | 7.00 | 57.00 | 64.00 | OK | |
| r-release-windows-x86_64 | 0.0.6 | 11.00 | 96.00 | 107.00 | OK | |
| r-oldrel-macos-arm64 | 0.0.6 | 4.00 | 34.00 | 38.00 | OK | |
| r-oldrel-macos-x86_64 | 0.0.6 | 6.00 | 54.00 | 60.00 | OK | |
| r-oldrel-windows-x86_64 | 0.0.6 | 15.00 | 122.00 | 137.00 | OK |
Version: 0.0.6
Check: CRAN incoming feasibility
Result: NOTE
Maintainer: ‘Hossein Azari Soufiani <azari.hossein@gmail.com>’
No Authors@R field in DESCRIPTION.
Please add one, modifying
Authors@R: c(person(given = c("Hossein", "Azari"),
family = "Soufiani",
role = c("aut", "cre"),
email = "azari.hossein@gmail.com"),
person(given = "William",
family = "Chen",
role = "aut"))
as necessary.
Flavors: r-devel-linux-x86_64-debian-clang, r-devel-linux-x86_64-debian-gcc