Last updated on 2024-05-13 09:51:00 CEST.
Flavor | Version | Tinstall | Tcheck | Ttotal | Status | Flags |
---|---|---|---|---|---|---|
r-devel-linux-x86_64-debian-clang | 0.1.9 | 56.96 | 527.28 | 584.24 | OK | |
r-devel-linux-x86_64-debian-gcc | 0.1.9 | 47.27 | 385.63 | 432.90 | OK | |
r-devel-linux-x86_64-fedora-clang | 0.1.9 | 761.47 | OK | |||
r-devel-linux-x86_64-fedora-gcc | 0.1.9 | 725.94 | OK | |||
r-devel-windows-x86_64 | 0.1.9 | 51.00 | 369.00 | 420.00 | OK | |
r-patched-linux-x86_64 | 0.1.9 | 55.76 | 504.63 | 560.39 | OK | |
r-release-linux-x86_64 | 0.1.9 | 39.62 | 501.18 | 540.80 | OK | |
r-release-macos-arm64 | 0.1.9 | 223.00 | OK | |||
r-release-macos-x86_64 | 0.1.9 | 662.00 | NOTE | |||
r-release-windows-x86_64 | 0.1.9 | 52.00 | 373.00 | 425.00 | OK | |
r-oldrel-macos-arm64 | 0.1.9 | 5.00 | ERROR | |||
r-oldrel-macos-x86_64 | 0.1.9 | 7.00 | ERROR | |||
r-oldrel-windows-x86_64 | 0.1.9 | 29.00 | 6.00 | 35.00 | ERROR |
Version: 0.1.9
Check: installed package size
Result: NOTE
installed size is 5.7Mb
sub-directories of 1Mb or more:
data 5.0Mb
Flavor: r-release-macos-x86_64
Version: 0.1.9
Check: package dependencies
Result: ERROR
Package required but not available: ‘GSVA’
See section ‘The DESCRIPTION file’ in the ‘Writing R Extensions’
manual.
Flavors: r-oldrel-macos-arm64, r-oldrel-macos-x86_64
Version: 0.1.9
Check: whether package can be installed
Result: ERROR
Installation failed.
Flavor: r-oldrel-windows-x86_64