Last updated on 2024-05-12 09:52:55 CEST.
Flavor | Version | Tinstall | Tcheck | Ttotal | Status | Flags |
---|---|---|---|---|---|---|
r-devel-linux-x86_64-debian-clang | 2.2-7 | 6.90 | 39.69 | 46.59 | OK | |
r-devel-linux-x86_64-debian-gcc | 2.2-7 | 5.27 | 29.72 | 34.99 | OK | |
r-devel-linux-x86_64-fedora-clang | 2.2-7 | 60.19 | NOTE | |||
r-devel-linux-x86_64-fedora-gcc | 2.2-7 | 59.95 | NOTE | |||
r-devel-windows-x86_64 | 2.2-7 | 7.00 | 53.00 | 60.00 | OK | |
r-patched-linux-x86_64 | 2.2-7 | 5.79 | 39.02 | 44.81 | OK | |
r-release-linux-x86_64 | 2.2-7 | 5.21 | 38.55 | 43.76 | OK | |
r-release-macos-arm64 | 2.2-7 | 23.00 | OK | |||
r-release-windows-x86_64 | 2.2-7 | 9.00 | 51.00 | 60.00 | OK | |
r-oldrel-macos-arm64 | 2.2-7 | 25.00 | OK | |||
r-oldrel-macos-x86_64 | 2.2-7 | 41.00 | OK | |||
r-oldrel-windows-x86_64 | 2.2-7 | 10.00 | 57.00 | 67.00 | OK |
Version: 2.2-7
Check: compiled code
Result: NOTE
File ‘Vdgraph/libs/Vdgraph.so’:
Found no calls to: ‘R_registerRoutines’, ‘R_useDynamicSymbols’
It is good practice to register native routines and to disable symbol
search.
See ‘Writing portable packages’ in the ‘Writing R Extensions’ manual.
Flavors: r-devel-linux-x86_64-fedora-clang, r-devel-linux-x86_64-fedora-gcc