Last updated on 2024-05-12 09:52:56 CEST.
Flavor | Version | Tinstall | Tcheck | Ttotal | Status | Flags |
---|---|---|---|---|---|---|
r-devel-linux-x86_64-debian-clang | 3.1 | 16.04 | 124.23 | 140.27 | NOTE | |
r-devel-linux-x86_64-debian-gcc | 3.1 | 12.58 | 87.59 | 100.17 | NOTE | |
r-devel-linux-x86_64-fedora-clang | 3.1 | 169.10 | NOTE | |||
r-devel-linux-x86_64-fedora-gcc | 3.1 | 206.21 | NOTE | |||
r-devel-windows-x86_64 | 3.1 | 16.00 | 107.00 | 123.00 | NOTE | |
r-patched-linux-x86_64 | 3.1 | 15.03 | 114.90 | 129.93 | NOTE | |
r-release-linux-x86_64 | 3.1 | 13.69 | 113.44 | 127.13 | NOTE | |
r-release-macos-arm64 | 3.1 | 44.00 | NOTE | |||
r-release-windows-x86_64 | 3.1 | 14.00 | 156.00 | 170.00 | NOTE | |
r-oldrel-macos-arm64 | 3.1 | 46.00 | OK | |||
r-oldrel-macos-x86_64 | 3.1 | 77.00 | OK | |||
r-oldrel-windows-x86_64 | 3.1 | 20.00 | 130.00 | 150.00 | OK |
Version: 3.1
Check: Rd files
Result: NOTE
checkRd: (-1) createDemandSite.Rd:26: Lost braces
26 | \item{suppliers}{(optional) A list of object(s) inherited from the folowing classes: \code{\link[WRSS]{createAquifer}}, \code{\link[WRSS]{createRiver}}, \code{\link[WRSS]{createReservoir}}, code{\link[WRSS]{createDiversion}}.}
| ^
checkRd: (-1) createDemandSite.base.Rd:26: Lost braces
26 | \item{suppliers}{(optional) A list of object(s) inherited from the folowing classes: \code{\link[WRSS]{createAquifer}}, \code{\link[WRSS]{createRiver}}, \code{\link[WRSS]{createReservoir}}, code{\link[WRSS]{createDiversion}}.}
| ^
checkRd: (-1) createDemandSite.default.Rd:32: Lost braces
32 | \item{suppliers}{(optional) A list of object(s) inherited from the folowing classes: \code{\link[WRSS]{createAquifer}}, \code{\link[WRSS]{createRiver}}, \code{\link[WRSS]{createReservoir}}, code{\link[WRSS]{createDiversion}}.}
| ^
Flavors: r-devel-linux-x86_64-debian-clang, r-devel-linux-x86_64-debian-gcc, r-devel-linux-x86_64-fedora-clang, r-devel-linux-x86_64-fedora-gcc, r-devel-windows-x86_64, r-patched-linux-x86_64, r-release-linux-x86_64, r-release-macos-arm64, r-release-windows-x86_64