Last updated on 2024-05-12 09:52:55 CEST.
Flavor | Version | Tinstall | Tcheck | Ttotal | Status | Flags |
---|---|---|---|---|---|---|
r-devel-linux-x86_64-debian-clang | 2020.1.31 | 2.11 | 35.93 | 38.04 | NOTE | |
r-devel-linux-x86_64-debian-gcc | 2020.1.31 | 1.58 | 27.32 | 28.90 | NOTE | |
r-devel-linux-x86_64-fedora-clang | 2020.1.31 | 48.50 | NOTE | |||
r-devel-linux-x86_64-fedora-gcc | 2020.1.31 | 66.18 | NOTE | |||
r-devel-windows-x86_64 | 2020.1.31 | 3.00 | 57.00 | 60.00 | NOTE | |
r-patched-linux-x86_64 | 2020.1.31 | 1.60 | 34.78 | 36.38 | NOTE | |
r-release-linux-x86_64 | 2020.1.31 | 1.40 | 34.58 | 35.98 | NOTE | |
r-release-macos-arm64 | 2020.1.31 | 23.00 | NOTE | |||
r-release-windows-x86_64 | 2020.1.31 | 3.00 | 60.00 | 63.00 | NOTE | |
r-oldrel-macos-arm64 | 2020.1.31 | 26.00 | OK | |||
r-oldrel-macos-x86_64 | 2020.1.31 | 38.00 | OK | |||
r-oldrel-windows-x86_64 | 2020.1.31 | 3.00 | 58.00 | 61.00 | OK |
Version: 2020.1.31
Check: Rd files
Result: NOTE
checkRd: (-1) WeightedROC.Rd:10: Lost braces; missing escapes or markup?
10 | integer/numeric with values all in {0=negative,1=positive} or
| ^
checkRd: (-1) WeightedROC.Rd:11: Lost braces; missing escapes or markup?
11 | {1=negative,2=positive} or {-1=negative,1=positive}.}
| ^
checkRd: (-1) WeightedROC.Rd:11: Lost braces; missing escapes or markup?
11 | {1=negative,2=positive} or {-1=negative,1=positive}.}
| ^
Flavors: r-devel-linux-x86_64-debian-clang, r-devel-linux-x86_64-debian-gcc, r-devel-linux-x86_64-fedora-clang, r-devel-linux-x86_64-fedora-gcc, r-devel-windows-x86_64, r-patched-linux-x86_64, r-release-linux-x86_64, r-release-macos-arm64, r-release-windows-x86_64