Last updated on 2025-11-25 09:49:58 CET.
| Flavor | Version | Tinstall | Tcheck | Ttotal | Status | Flags |
|---|---|---|---|---|---|---|
| r-devel-linux-x86_64-debian-clang | 0.4.2 | 2.41 | 61.35 | 63.76 | OK | |
| r-devel-linux-x86_64-debian-gcc | 0.4.2 | 1.85 | 34.60 | 36.45 | ERROR | |
| r-devel-linux-x86_64-fedora-clang | 0.4.2 | 72.88 | ERROR | |||
| r-devel-linux-x86_64-fedora-gcc | 0.4.2 | 84.25 | ERROR | |||
| r-devel-windows-x86_64 | 0.4.2 | 7.00 | 84.00 | 91.00 | OK | |
| r-patched-linux-x86_64 | 0.4.2 | 2.64 | 57.75 | 60.39 | OK | |
| r-release-linux-x86_64 | 0.4.2 | 2.39 | 57.18 | 59.57 | OK | |
| r-release-macos-arm64 | 0.4.2 | OK | ||||
| r-release-macos-x86_64 | 0.4.2 | 2.00 | 79.00 | 81.00 | OK | |
| r-release-windows-x86_64 | 0.4.2 | 5.00 | 111.00 | 116.00 | OK | |
| r-oldrel-macos-arm64 | 0.4.2 | OK | ||||
| r-oldrel-macos-x86_64 | 0.4.2 | 2.00 | 111.00 | 113.00 | OK | |
| r-oldrel-windows-x86_64 | 0.4.2 | 6.00 | 96.00 | 102.00 | OK |
Version: 0.4.2
Check: re-building of vignette outputs
Result: ERROR
Error(s) in re-building vignettes:
...
--- re-building ‘abstr.Rmd’ using rmarkdown
Quitting from abstr.Rmd:39-45 [input]
~~~~~~~~~~~~~~~~~~~~~~~~~~~~~~~~~~~~~~~~~~~~~~~~~~~~~~~~~~~~~~~~~~~~~~~~~~~~~~~~
<error/rlang_error>
Error in `library()`:
! there is no package called 'tmap'
---
Backtrace:
▆
1. └─base::library(tmap)
~~~~~~~~~~~~~~~~~~~~~~~~~~~~~~~~~~~~~~~~~~~~~~~~~~~~~~~~~~~~~~~~~~~~~~~~~~~~~~~~
Error: processing vignette 'abstr.Rmd' failed with diagnostics:
there is no package called 'tmap'
--- failed re-building ‘abstr.Rmd’
--- re-building ‘activity.Rmd’ using rmarkdown
--- finished re-building ‘activity.Rmd’
--- re-building ‘montlake.Rmd’ using rmarkdown
[WARNING] Deprecated: --highlight-style. Use --syntax-highlighting instead.
--- finished re-building ‘montlake.Rmd’
--- re-building ‘pct_to_abstr.Rmd’ using rmarkdown
[WARNING] Deprecated: --highlight-style. Use --syntax-highlighting instead.
--- finished re-building ‘pct_to_abstr.Rmd’
SUMMARY: processing the following file failed:
‘abstr.Rmd’
Error: Vignette re-building failed.
Execution halted
Flavor: r-devel-linux-x86_64-debian-gcc
Version: 0.4.2
Check: dependencies in R code
Result: NOTE
Namespace in Imports field not imported from: ‘tibble’
All declared Imports should be used.
Flavors: r-devel-linux-x86_64-fedora-clang, r-devel-linux-x86_64-fedora-gcc
Version: 0.4.2
Check: re-building of vignette outputs
Result: ERROR
Error(s) in re-building vignettes:
--- re-building ‘abstr.Rmd’ using rmarkdown
Quitting from abstr.Rmd:39-45 [input]
~~~~~~~~~~~~~~~~~~~~~~~~~~~~~~~~~~~~~~~~~~~~~~~~~~~~~~~~~~~~~~~~~~~~~~~~~~~~~~~~
<error/rlang_error>
Error in `library()`:
! there is no package called 'tmap'
---
Backtrace:
▆
1. └─base::library(tmap)
~~~~~~~~~~~~~~~~~~~~~~~~~~~~~~~~~~~~~~~~~~~~~~~~~~~~~~~~~~~~~~~~~~~~~~~~~~~~~~~~
Error: processing vignette 'abstr.Rmd' failed with diagnostics:
there is no package called 'tmap'
--- failed re-building ‘abstr.Rmd’
--- re-building ‘activity.Rmd’ using rmarkdown
--- finished re-building ‘activity.Rmd’
--- re-building ‘montlake.Rmd’ using rmarkdown
[WARNING] Deprecated: --highlight-style. Use --syntax-highlighting instead.
--- finished re-building ‘montlake.Rmd’
--- re-building ‘pct_to_abstr.Rmd’ using rmarkdown
[WARNING] Deprecated: --highlight-style. Use --syntax-highlighting instead.
--- finished re-building ‘pct_to_abstr.Rmd’
SUMMARY: processing the following file failed:
‘abstr.Rmd’
Error: Vignette re-building failed.
Execution halted
Flavors: r-devel-linux-x86_64-fedora-clang, r-devel-linux-x86_64-fedora-gcc