CRAN Package Check Results for Package backbone

Last updated on 2025-11-01 08:49:38 CET.

Flavor Version Tinstall Tcheck Ttotal Status Flags
r-devel-linux-x86_64-debian-clang 3.0.2 12.34 83.51 95.85 ERROR
r-devel-linux-x86_64-debian-gcc 3.0.2 8.89 61.32 70.21 OK
r-devel-linux-x86_64-fedora-clang 3.0.2 47.00 104.80 151.80 OK
r-devel-linux-x86_64-fedora-gcc 3.0.2 31.00 127.32 158.32 OK
r-devel-windows-x86_64 3.0.2 19.00 123.00 142.00 OK
r-patched-linux-x86_64 3.0.2 13.33 78.40 91.73 OK
r-release-linux-x86_64 3.0.2 12.81 77.87 90.68 OK
r-release-macos-arm64 3.0.2 7.00 61.00 68.00 OK
r-release-macos-x86_64 3.0.2 11.00 69.00 80.00 OK
r-release-windows-x86_64 3.0.2 17.00 120.00 137.00 OK
r-oldrel-macos-arm64 3.0.2 6.00 67.00 73.00 OK
r-oldrel-macos-x86_64 3.0.2 11.00 80.00 91.00 OK
r-oldrel-windows-x86_64 3.0.2 24.00 147.00 171.00 OK

Check Details

Version: 3.0.2
Check: tests
Result: ERROR Running ‘tinytest.R’ [7s/9s] Running the tests in ‘tests/tinytest.R’ failed. Complete output: > if ( requireNamespace("tinytest", quietly=TRUE) ){ + tinytest::test_package("backbone") + } ____ backbone v3.0.2 | _ \ Cite: Neal, Z. P., (2025). backbone: An R package to extract network |#|_) | backbones. CRAN. https://doi.org/10.32614/CRAN.package.backbone |# _ < |#|_) | Help: type vignette("backbone"); email zpneal@msu.edu; github zpneal/backbone |____/ Beta: type devtools::install_github("zpneal/backbone", ref = "devel") test_backbone.R............... 0 tests test_backbone.R............... 0 tests test_backbone.R............... 1 tests <1b>[0;32mOK<1b>[0m test_backbone.R............... 1 tests <1b>[0;32mOK<1b>[0m test_backbone.R............... 1 tests <1b>[0;32mOK<1b>[0m test_backbone.R............... 2 tests <1b>[0;32mOK<1b>[0m test_backbone.R............... 3 tests <1b>[0;32mOK<1b>[0m test_backbone.R............... 3 tests <1b>[0;32mOK<1b>[0m test_backbone.R............... 3 tests <1b>[0;32mOK<1b>[0m test_backbone.R............... 3 tests <1b>[0;32mOK<1b>[0m test_backbone.R............... 4 tests <1b>[0;32mOK<1b>[0m test_backbone.R............... 4 tests <1b>[0;32mOK<1b>[0m test_backbone.R............... 4 tests <1b>[0;32mOK<1b>[0m test_backbone.R............... 4 tests <1b>[0;32mOK<1b>[0m test_backbone.R............... 4 tests <1b>[0;32mOK<1b>[0m test_backbone.R............... 5 tests <1b>[0;32mOK<1b>[0m test_backbone.R............... 5 tests <1b>[0;32mOK<1b>[0m test_backbone.R............... 5 tests <1b>[0;32mOK<1b>[0m test_backbone.R............... 5 tests <1b>[0;32mOK<1b>[0m test_backbone.R............... 5 tests <1b>[0;32mOK<1b>[0m test_backbone.R............... 6 tests <1b>[0;32mOK<1b>[0m test_backbone.R............... 7 tests <1b>[0;32mOK<1b>[0m test_backbone.R............... 8 tests <1b>[0;32mOK<1b>[0m test_backbone.R............... 9 tests <1b>[0;32mOK<1b>[0m test_backbone.R............... 10 tests <1b>[0;32mOK<1b>[0m test_backbone.R............... 11 tests <1b>[0;32mOK<1b>[0m test_backbone.R............... 12 tests <1b>[0;32mOK<1b>[0m test_backbone.R............... 12 tests <1b>[0;32mOK<1b>[0m test_backbone.R............... 12 tests <1b>[0;32mOK<1b>[0m test_backbone.R............... 12 tests <1b>[0;32mOK<1b>[0m test_backbone.R............... 12 tests <1b>[0;32mOK<1b>[0m test_backbone.R............... 13 tests <1b>[0;32mOK<1b>[0m test_backbone.R............... 14 tests <1b>[0;32mOK<1b>[0m test_backbone.R............... 15 tests <1b>[0;32mOK<1b>[0m test_backbone.R............... 16 tests <1b>[0;32mOK<1b>[0m test_backbone.R............... 17 tests <1b>[0;32mOK<1b>[0m test_backbone.R............... 18 tests <1b>[0;32mOK<1b>[0m test_backbone.R............... 19 tests <1b>[0;32mOK<1b>[0m test_backbone.R............... 19 tests <1b>[0;32mOK<1b>[0m test_backbone.R............... 19 tests <1b>[0;32mOK<1b>[0m test_backbone.R............... 19 tests <1b>[0;32mOK<1b>[0m test_backbone.R............... 19 tests <1b>[0;32mOK<1b>[0m test_backbone.R............... 20 tests <1b>[0;32mOK<1b>[0m test_backbone.R............... 21 tests <1b>[0;32mOK<1b>[0m test_backbone.R............... 22 tests <1b>[0;32mOK<1b>[0m test_backbone.R............... 23 tests <1b>[0;32mOK<1b>[0m test_backbone.R............... 24 tests <1b>[0;32mOK<1b>[0m test_backbone.R............... 25 tests <1b>[0;32mOK<1b>[0m test_backbone.R............... 26 tests <1b>[0;32mOK<1b>[0m test_backbone.R............... 26 tests <1b>[0;32mOK<1b>[0m test_backbone.R............... 26 tests <1b>[0;32mOK<1b>[0m test_backbone.R............... 26 tests <1b>[0;32mOK<1b>[0m test_backbone.R............... 26 tests <1b>[0;32mOK<1b>[0m test_backbone.R............... 27 tests <1b>[0;32mOK<1b>[0m test_backbone.R............... 28 tests <1b>[0;32mOK<1b>[0m test_backbone.R............... 29 tests <1b>[0;32mOK<1b>[0m test_backbone.R............... 30 tests <1b>[0;32mOK<1b>[0m test_backbone.R............... 31 tests <1b>[0;32mOK<1b>[0m test_backbone.R............... 32 tests <1b>[0;32mOK<1b>[0m test_backbone.R............... 33 tests <1b>[0;32mOK<1b>[0m test_backbone.R............... 33 tests <1b>[0;32mOK<1b>[0m test_backbone.R............... 33 tests <1b>[0;32mOK<1b>[0m test_backbone.R............... 33 tests <1b>[0;32mOK<1b>[0m test_backbone.R............... 33 tests <1b>[0;32mOK<1b>[0m test_backbone.R............... 34 tests <1b>[0;32mOK<1b>[0m test_backbone.R............... 35 tests <1b>[0;32mOK<1b>[0m test_backbone.R............... 36 tests <1b>[0;32mOK<1b>[0m test_backbone.R............... 37 tests <1b>[0;32mOK<1b>[0m test_backbone.R............... 38 tests <1b>[0;32mOK<1b>[0m test_backbone.R............... 39 tests <1b>[0;32mOK<1b>[0m test_backbone.R............... 40 tests <1b>[0;32mOK<1b>[0m test_backbone.R............... 40 tests <1b>[0;32mOK<1b>[0m Constructing edges' Monte Carlo p-values | | | 0% | | | 1% | |= | 1% | |= | 2% | |== | 2% | |== | 3% | |== | 4% | |=== | 4% | |=== | 5% | |==== | 5% | |==== | 6% | |===== | 6% | |===== | 7% | |===== | 8% | |====== | 8% | |====== | 9% | |======= | 9% | |======= | 10% | |======= | 11% | |======== | 11% | |======== | 12% | |========= | 12% | |========= | 13% | |========= | 14% | |========== | 14% | |========== | 15% | |=========== | 15% | |=========== | 16% | |============ | 16% | |============ | 17% | |============ | 18% | |============= | 18% | |============= | 19% | |============== | 19% | |============== | 20% | |============== | 21% | |=============== | 21% | |=============== | 22% | |================ | 22% | |================ | 23% | |================ | 24% | |================= | 24% | |================= | 25% | |================== | 25% | |================== | 26% | |=================== | 26% | |=================== | 27% | |=================== | 28% | |==================== | 28% | |==================== | 29% | |===================== | 29% | |===================== | 30% | |===================== | 31% | |====================== | 31% | |====================== | 32% | |======================= | 32% | |======================= | 33% | |======================= | 34% | |======================== | 34% | |======================== | 35% | |========================= | 35% | |========================= | 36% | |========================== | 36% | |========================== | 37% | |========================== | 38% | |=========================== | 38% | |=========================== | 39% | |============================ | 39% | |============================ | 40% | |============================ | 41% | |============================= | 41% | |============================= | 42% | |============================== | 42% | |============================== | 43% | |============================== | 44% | |=============================== | 44% | |=============================== | 45% | |================================ | 45% | |================================ | 46% | |================================= | 46% | |================================= | 47% | |================================= | 48% | |================================== | 48% | |================================== | 49% | |=================================== | 49% | |=================================== | 50% | |=================================== | 51% | |==================================== | 51% | |==================================== | 52% | |===================================== | 52% | |===================================== | 53% | |===================================== | 54% | |====================================== | 54% | |====================================== | 55% | |======================================= | 55% | |======================================= | 56% | |======================================== | 56% | |======================================== | 57% | |======================================== | 58% | |========================================= | 58% | |========================================= | 59% | |========================================== | 59% | |========================================== | 60% | |========================================== | 61% | |=========================================== | 61% | |=========================================== | 62% | |============================================ | 62% | |============================================ | 63% | |============================================ | 64% | |============================================= | 64% | |============================================= | 65% | |============================================== | 65% | |============================================== | 66% | |=============================================== | 66% | |=============================================== | 67% | |=============================================== | 68% | |================================================ | 68% | |================================================ | 69% | |================================================= | 69% | |================================================= | 70% | |================================================= | 71% | |================================================== | 71% | |================================================== | 72% | |=================================================== | 72% | |=================================================== | 73% | |=================================================== | 74% | |==================================================== | 74% | |==================================================== | 75% | |===================================================== | 75% | |===================================================== | 76% | |====================================================== | 76% | |====================================================== | 77% | |====================================================== | 78% | |======================================================= | 78% | |======================================================= | 79% | |======================================================== | 79% | |======================================================== | 80% | |======================================================== | 81% | |========================================================= | 81% | |========================================================= | 82% | |========================================================== | 82% | |========================================================== | 83% | |========================================================== | 84% | |=========================================================== | 84% | |=========================================================== | 85% | |============================================================ | 85% | |============================================================ | 86% | |============================================================= | 86% | |============================================================= | 87% | |============================================================= | 88% | |============================================================== | 88% | |============================================================== | 89% | |=============================================================== | 89% | |=============================================================== | 90% | |=============================================================== | 91% | |================================================================ | 91% | |================================================================ | 92% | |================================================================= | 92% | |================================================================= | 93% | |================================================================= | 94% | |================================================================== | 94% | |================================================================== | 95% | |=================================================================== | 95% | |=================================================================== | 96% | |==================================================================== | 96% | |==================================================================== | 97% | |==================================================================== | 98% | |===================================================================== | 98% | |===================================================================== | 99% | |======================================================================| 99% | |======================================================================| 100% test_backbone.R............... 40 tests <1b>[0;32mOK<1b>[0m test_backbone.R............... 40 tests <1b>[0;32mOK<1b>[0m test_backbone.R............... 40 tests <1b>[0;32mOK<1b>[0m test_backbone.R............... 41 tests <1b>[0;32mOK<1b>[0m test_backbone.R............... 42 tests <1b>[0;32mOK<1b>[0m test_backbone.R............... 43 tests <1b>[0;32mOK<1b>[0m test_backbone.R............... 44 tests <1b>[0;32mOK<1b>[0m test_backbone.R............... 45 tests <1b>[0;32mOK<1b>[0m test_backbone.R............... 46 tests <1b>[0;32mOK<1b>[0m test_backbone.R............... 47 tests <1b>[0;32mOK<1b>[0m test_backbone.R............... 47 tests <1b>[0;32mOK<1b>[0m test_backbone.R............... 47 tests <1b>[0;32mOK<1b>[0m test_backbone.R............... 47 tests <1b>[0;32mOK<1b>[0m test_backbone.R............... 47 tests <1b>[0;32mOK<1b>[0m test_backbone.R............... 48 tests <1b>[0;32mOK<1b>[0m test_backbone.R............... 49 tests <1b>[0;32mOK<1b>[0m test_backbone.R............... 50 tests <1b>[0;32mOK<1b>[0m test_backbone.R............... 50 tests <1b>[0;32mOK<1b>[0m test_backbone.R............... 50 tests <1b>[0;32mOK<1b>[0m test_backbone.R............... 50 tests <1b>[0;32mOK<1b>[0m test_backbone.R............... 50 tests <1b>[0;32mOK<1b>[0m test_backbone.R............... 51 tests <1b>[0;32mOK<1b>[0m test_backbone.R............... 52 tests <1b>[0;32mOK<1b>[0m test_backbone.R............... 53 tests <1b>[0;32mOK<1b>[0m test_backbone.R............... 53 tests <1b>[0;32mOK<1b>[0m test_backbone.R............... 53 tests <1b>[0;32mOK<1b>[0m test_backbone.R............... 53 tests <1b>[0;32mOK<1b>[0m test_backbone.R............... 53 tests <1b>[0;32mOK<1b>[0m test_backbone.R............... 54 tests <1b>[0;32mOK<1b>[0m test_backbone.R............... 55 tests <1b>[0;32mOK<1b>[0m test_backbone.R............... 56 tests <1b>[0;32mOK<1b>[0m test_backbone.R............... 56 tests <1b>[0;32mOK<1b>[0m test_backbone.R............... 56 tests <1b>[0;32mOK<1b>[0m test_backbone.R............... 56 tests <1b>[0;32mOK<1b>[0m test_backbone.R............... 56 tests <1b>[0;32mOK<1b>[0m test_backbone.R............... 56 tests <1b>[0;32mOK<1b>[0m test_backbone.R............... 57 tests <1b>[0;32mOK<1b>[0m test_backbone.R............... 58 tests <1b>[0;32mOK<1b>[0m test_backbone.R............... 59 tests <1b>[0;32mOK<1b>[0m test_backbone.R............... 60 tests <1b>[0;32mOK<1b>[0m test_backbone.R............... 61 tests <1b>[0;32mOK<1b>[0m test_backbone.R............... 62 tests <1b>[0;32mOK<1b>[0m test_backbone.R............... 63 tests <1b>[0;32mOK<1b>[0m test_backbone.R............... 64 tests <1b>[0;32mOK<1b>[0m test_backbone.R............... 65 tests <1b>[0;32mOK<1b>[0m test_backbone.R............... 65 tests <1b>[0;32mOK<1b>[0m test_backbone.R............... 66 tests <1b>[0;32mOK<1b>[0m test_backbone.R............... 67 tests <1b>[0;32mOK<1b>[0m test_backbone.R............... 68 tests <1b>[0;32mOK<1b>[0m test_backbone.R............... 69 tests <1b>[0;32mOK<1b>[0m test_backbone.R............... 70 tests <1b>[0;32mOK<1b>[0m test_backbone.R............... 71 tests <1b>[0;32mOK<1b>[0m test_backbone.R............... 72 tests <1b>[0;32mOK<1b>[0m test_backbone.R............... 73 tests <1b>[0;32mOK<1b>[0m test_backbone.R............... 74 tests <1b>[0;32mOK<1b>[0m test_backbone.R............... 74 tests <1b>[0;32mOK<1b>[0m test_backbone.R............... 75 tests <1b>[0;32mOK<1b>[0m test_backbone.R............... 76 tests <1b>[0;32mOK<1b>[0m test_backbone.R............... 77 tests <1b>[0;32mOK<1b>[0m test_backbone.R............... 78 tests <1b>[0;32mOK<1b>[0m test_backbone.R............... 79 tests <1b>[0;32mOK<1b>[0m test_backbone.R............... 80 tests <1b>[0;32mOK<1b>[0m Constructing edges' Monte Carlo p-values | | | 0% | |= | 1% | |= | 2% | |== | 2% | |== | 3% | |=== | 4% | |=== | 5% | |==== | 5% | |==== | 6% | |===== | 7% | |===== | 8% | |====== | 8% | |====== | 9% | |======= | 10% | |======== | 11% | |======== | 12% | |========= | 12% | |========= | 13% | |========== | 14% | |========== | 15% | |=========== | 15% | |=========== | 16% | |============ | 17% | |============ | 18% | |============= | 18% | |============= | 19% | |============== | 20% | |=============== | 21% | |=============== | 22% | |================ | 22% | |================ | 23% | |================= | 24% | |================= | 25% | |================== | 25% | |================== | 26% | |=================== | 27% | |=================== | 28% | |==================== | 28% | |==================== | 29% | |===================== | 30% | |====================== | 31% | |====================== | 32% | |======================= | 32% | |======================= | 33% | |======================== | 34% | |======================== | 35% | |========================= | 35% | |========================= | 36% | |========================== | 37% | |========================== | 38% | |=========================== | 38% | |=========================== | 39% | |============================ | 40% | |============================= | 41% | |============================= | 42% | |============================== | 42% | |============================== | 43% | |=============================== | 44% | |=============================== | 45% | |================================ | 45% | |================================ | 46% | |================================= | 47% | |================================= | 48% | |================================== | 48% | |================================== | 49% | |=================================== | 50% | |==================================== | 51% | |==================================== | 52% | |===================================== | 52% | |===================================== | 53% | |====================================== | 54% | |====================================== | 55% | |======================================= | 55% | |======================================= | 56% | |======================================== | 57% | |======================================== | 58% | |========================================= | 58% | |========================================= | 59% | |========================================== | 60% | |=========================================== | 61% | |=========================================== | 62% | |============================================ | 62% | |============================================ | 63% | |============================================= | 64% | |============================================= | 65% | |============================================== | 65% | |============================================== | 66% | |=============================================== | 67% | |=============================================== | 68% | |================================================ | 68% | |================================================ | 69% | |================================================= | 70% | |================================================== | 71% | |================================================== | 72% | |=================================================== | 72% | |=================================================== | 73% | |==================================================== | 74% | |==================================================== | 75% | |===================================================== | 75% | |===================================================== | 76% | |====================================================== | 77% | |====================================================== | 78% | |======================================================= | 78% | |======================================================= | 79% | |======================================================== | 80% | |========================================================= | 81% | |========================================================= | 82% | |========================================================== | 82% | |========================================================== | 83% | |=========================================================== | 84% | |=========================================================== | 85% | |============================================================ | 85% | |============================================================ | 86% | |============================================================= | 87% | |============================================================= | 88% | |============================================================== | 88% | |============================================================== | 89% | |=============================================================== | 90% | |================================================================ | 91% | |================================================================ | 92% | |================================================================= | 92% | |================================================================= | 93% | |================================================================== | 94% | |================================================================== | 95% | |=================================================================== | 95% | |=================================================================== | 96% | |==================================================================== | 97% | |==================================================================== | 98% | |===================================================================== | 98% | |===================================================================== | 99% | |======================================================================| 100% test_backbone.R............... 80 tests <1b>[0;32mOK<1b>[0m test_backbone.R............... 81 tests <1b>[0;32mOK<1b>[0m test_backbone.R............... 82 tests <1b>[0;32mOK<1b>[0m test_backbone.R............... 83 tests <1b>[0;32mOK<1b>[0m test_backbone.R............... 84 tests <1b>[0;32mOK<1b>[0m test_backbone.R............... 85 tests <1b>[0;32mOK<1b>[0m test_backbone.R............... 86 tests <1b>[0;32mOK<1b>[0m test_backbone.R............... 86 tests <1b>[0;32mOK<1b>[0m test_backbone.R............... 87 tests <1b>[0;32mOK<1b>[0m test_backbone.R............... 88 tests <1b>[0;32mOK<1b>[0m test_backbone.R............... 89 tests <1b>[0;32mOK<1b>[0m test_backbone.R............... 90 tests <1b>[0;32mOK<1b>[0m test_backbone.R............... 91 tests <1b>[0;32mOK<1b>[0m test_backbone.R............... 92 tests <1b>[0;32mOK<1b>[0m test_backbone.R............... 92 tests <1b>[0;32mOK<1b>[0m test_backbone.R............... 93 tests <1b>[0;32mOK<1b>[0m test_backbone.R............... 94 tests <1b>[0;32mOK<1b>[0m test_backbone.R............... 95 tests <1b>[0;32mOK<1b>[0m test_backbone.R............... 96 tests <1b>[0;32mOK<1b>[0m test_backbone.R............... 97 tests <1b>[0;32mOK<1b>[0m test_backbone.R............... 98 tests <1b>[0;32mOK<1b>[0m test_backbone.R............... 98 tests <1b>[0;32mOK<1b>[0m test_backbone.R............... 99 tests <1b>[0;32mOK<1b>[0m test_backbone.R............... 100 tests <1b>[0;32mOK<1b>[0m test_backbone.R............... 101 tests <1b>[0;32mOK<1b>[0m test_backbone.R............... 102 tests <1b>[0;32mOK<1b>[0m test_backbone.R............... 103 tests <1b>[0;32mOK<1b>[0m test_backbone.R............... 104 tests <1b>[0;32mOK<1b>[0m test_backbone.R............... 104 tests <1b>[0;32mOK<1b>[0m test_backbone.R............... 104 tests <1b>[0;32mOK<1b>[0m test_backbone.R............... 104 tests <1b>[0;32mOK<1b>[0m test_backbone.R............... 104 tests <1b>[0;32mOK<1b>[0m test_backbone.R............... 104 tests <1b>[0;32mOK<1b>[0m test_backbone.R............... 104 tests <1b>[0;32mOK<1b>[0m test_backbone.R............... 104 tests <1b>[0;32mOK<1b>[0m test_backbone.R............... 105 tests <1b>[0;32mOK<1b>[0m test_backbone.R............... 106 tests <1b>[0;32mOK<1b>[0m test_backbone.R............... 107 tests <1b>[0;32mOK<1b>[0m test_backbone.R............... 108 tests <1b>[0;32mOK<1b>[0m test_backbone.R............... 109 tests <1b>[0;32mOK<1b>[0m test_backbone.R............... 110 tests <1b>[0;32mOK<1b>[0m test_backbone.R............... 110 tests <1b>[0;32mOK<1b>[0m test_backbone.R............... 110 tests <1b>[0;32mOK<1b>[0m test_backbone.R............... 110 tests <1b>[0;32mOK<1b>[0m test_backbone.R............... 110 tests <1b>[0;32mOK<1b>[0m test_backbone.R............... 110 tests <1b>[0;32mOK<1b>[0m test_backbone.R............... 111 tests <1b>[0;32mOK<1b>[0m test_backbone.R............... 112 tests <1b>[0;32mOK<1b>[0m test_backbone.R............... 113 tests <1b>[0;32mOK<1b>[0m test_backbone.R............... 114 tests <1b>[0;32mOK<1b>[0m test_backbone.R............... 115 tests <1b>[0;32mOK<1b>[0m test_backbone.R............... 116 tests <1b>[0;32mOK<1b>[0m test_backbone.R............... 117 tests <1b>[0;32mOK<1b>[0m test_backbone.R............... 118 tests <1b>[0;32mOK<1b>[0m test_backbone.R............... 119 tests <1b>[0;32mOK<1b>[0m test_backbone.R............... 120 tests <1b>[0;32mOK<1b>[0m test_backbone.R............... 121 tests <1b>[0;32mOK<1b>[0m test_backbone.R............... 122 tests <1b>[0;32mOK<1b>[0m test_backbone.R............... 122 tests <1b>[0;32mOK<1b>[0m test_backbone.R............... 123 tests <1b>[0;32mOK<1b>[0m test_backbone.R............... 124 tests <1b>[0;32mOK<1b>[0m test_backbone.R............... 125 tests <1b>[0;32mOK<1b>[0m test_backbone.R............... 126 tests <1b>[0;32mOK<1b>[0m Constructing edges' Monte Carlo p-values | | | 0% | |= | 1% | |= | 2% | |== | 2% | |== | 3% | |=== | 4% | |=== | 5% | |==== | 5% | |==== | 6% | |===== | 7% | |===== | 8% | |====== | 8% | |====== | 9% | |======= | 10% | |======== | 11% | |======== | 12% | |========= | 12% | |========= | 13% | |========== | 14% | |========== | 15% | |=========== | 15% | |=========== | 16% | |============ | 17% | |============ | 18% | |============= | 18% | |============= | 19% | |============== | 20% | |=============== | 21% | |=============== | 22% | |================ | 22% | |================ | 23% | |================= | 24% | |================= | 25% | |================== | 25% | |================== | 26% | |=================== | 27% | |=================== | 28% | |==================== | 28% | |==================== | 29% | |===================== | 30% | |====================== | 31% | |====================== | 32% | |======================= | 32% | |======================= | 33% | |======================== | 34% | |======================== | 35% | |========================= | 35% | |========================= | 36% | |========================== | 37% | |========================== | 38% | |=========================== | 38% | |=========================== | 39% | |============================ | 40% | |============================= | 41% | |============================= | 42% | |============================== | 42% | |============================== | 43% | |=============================== | 44% | |=============================== | 45% | |================================ | 45% | |================================ | 46% | |================================= | 47% | |================================= | 48% | |================================== | 48% | |================================== | 49% | |=================================== | 50% | |==================================== | 51% | |==================================== | 52% | |===================================== | 52% | |===================================== | 53% | |====================================== | 54% | |====================================== | 55% | |======================================= | 55% | |======================================= | 56% | |======================================== | 57% | |======================================== | 58% | |========================================= | 58% | |========================================= | 59% | |========================================== | 60% | |=========================================== | 61% | |=========================================== | 62% | |============================================ | 62% | |============================================ | 63% | |============================================= | 64% | |============================================= | 65% | |============================================== | 65% | |============================================== | 66% | |=============================================== | 67% | |=============================================== | 68% | |================================================ | 68% | |================================================ | 69% | |================================================= | 70% | |================================================== | 71% | |================================================== | 72% | |=================================================== | 72% | |=================================================== | 73% | |==================================================== | 74% | |==================================================== | 75% | |===================================================== | 75% | |===================================================== | 76% | |====================================================== | 77% | |====================================================== | 78% | |======================================================= | 78% | |======================================================= | 79% | |======================================================== | 80% | |========================================================= | 81% | |========================================================= | 82% | |========================================================== | 82% | |========================================================== | 83% | |=========================================================== | 84% | |=========================================================== | 85% | |============================================================ | 85% | |============================================================ | 86% | |============================================================= | 87% | |============================================================= | 88% | |============================================================== | 88% | |============================================================== | 89% | |=============================================================== | 90% | |================================================================ | 91% | |================================================================ | 92% | |================================================================= | 92% | |================================================================= | 93% | |================================================================== | 94% | |================================================================== | 95% | |=================================================================== | 95% | |=================================================================== | 96% | |==================================================================== | 97% | |==================================================================== | 98% | |===================================================================== | 98% | |===================================================================== | 99% | |======================================================================| 100% test_backbone.R............... 126 tests <1b>[0;32mOK<1b>[0m test_backbone.R............... 127 tests <1b>[0;32mOK<1b>[0m test_backbone.R............... 128 tests <1b>[0;32mOK<1b>[0m test_backbone.R............... 129 tests <1b>[0;32mOK<1b>[0m test_backbone.R............... 130 tests <1b>[0;32mOK<1b>[0m test_backbone.R............... 130 tests <1b>[0;32mOK<1b>[0m test_backbone.R............... 131 tests <1b>[0;32mOK<1b>[0m test_backbone.R............... 132 tests <1b>[0;32mOK<1b>[0m test_backbone.R............... 133 tests <1b>[0;32mOK<1b>[0m test_backbone.R............... 134 tests <1b>[0;32mOK<1b>[0m test_backbone.R............... 134 tests <1b>[0;32mOK<1b>[0m test_backbone.R............... 135 tests <1b>[0;32mOK<1b>[0m test_backbone.R............... 136 tests <1b>[0;32mOK<1b>[0m test_backbone.R............... 137 tests <1b>[0;32mOK<1b>[0m test_backbone.R............... 138 tests <1b>[0;32mOK<1b>[0m test_backbone.R............... 138 tests <1b>[0;32mOK<1b>[0m test_backbone.R............... 139 tests <1b>[0;32mOK<1b>[0m test_backbone.R............... 140 tests <1b>[0;32mOK<1b>[0m test_backbone.R............... 141 tests <1b>[0;32mOK<1b>[0m test_backbone.R............... 142 tests <1b>[0;32mOK<1b>[0m test_backbone.R............... 142 tests <1b>[0;32mOK<1b>[0m test_backbone.R............... 142 tests <1b>[0;32mOK<1b>[0m test_backbone.R............... 142 tests <1b>[0;32mOK<1b>[0m test_backbone.R............... 143 tests <1b>[0;32mOK<1b>[0m test_backbone.R............... 144 tests <1b>[0;32mOK<1b>[0m test_backbone.R............... 145 tests <1b>[0;32mOK<1b>[0m test_backbone.R............... 146 tests <1b>[0;32mOK<1b>[0m test_backbone.R............... 146 tests <1b>[0;32mOK<1b>[0m test_backbone.R............... 146 tests <1b>[0;32mOK<1b>[0m test_backbone.R............... 147 tests <1b>[0;32mOK<1b>[0m test_backbone.R............... 148 tests <1b>[0;32mOK<1b>[0m test_backbone.R............... 149 tests <1b>[0;32mOK<1b>[0m test_backbone.R............... 150 tests <1b>[0;32mOK<1b>[0m test_backbone.R............... 151 tests <1b>[0;32mOK<1b>[0m test_backbone.R............... 152 tests <1b>[0;32mOK<1b>[0m test_backbone.R............... 153 tests <1b>[0;32mOK<1b>[0m test_backbone.R............... 154 tests <1b>[0;32mOK<1b>[0m test_backbone.R............... 154 tests <1b>[0;32mOK<1b>[0m test_backbone.R............... 155 tests <1b>[0;32mOK<1b>[0m test_backbone.R............... 156 tests <1b>[0;32mOK<1b>[0m test_backbone.R............... 157 tests <1b>[0;32mOK<1b>[0m test_backbone.R............... 158 tests <1b>[0;32mOK<1b>[0m test_backbone.R............... 159 tests <1b>[0;32mOK<1b>[0m test_backbone.R............... 160 tests <1b>[0;32mOK<1b>[0m test_backbone.R............... 161 tests <1b>[0;32mOK<1b>[0m test_backbone.R............... 162 tests <1b>[0;32mOK<1b>[0m test_backbone.R............... 162 tests <1b>[0;32mOK<1b>[0m test_backbone.R............... 163 tests <1b>[0;32mOK<1b>[0m test_backbone.R............... 163 tests <1b>[0;32mOK<1b>[0m test_backbone.R............... 164 tests <1b>[0;32mOK<1b>[0m test_backbone.R............... 164 tests <1b>[0;32mOK<1b>[0m test_backbone.R............... 165 tests <1b>[0;32mOK<1b>[0m test_backbone.R............... 165 tests <1b>[0;32mOK<1b>[0m test_backbone.R............... 166 tests <1b>[0;32mOK<1b>[0m test_backbone.R............... 166 tests <1b>[0;32mOK<1b>[0m test_backbone.R............... 167 tests <1b>[0;32mOK<1b>[0m test_backbone.R............... 167 tests <1b>[0;32mOK<1b>[0m test_backbone.R............... 168 tests <1b>[0;32mOK<1b>[0m test_backbone.R............... 168 tests <1b>[0;32mOK<1b>[0m test_backbone.R............... 169 tests <1b>[0;32mOK<1b>[0m test_backbone.R............... 170 tests <1b>[0;32mOK<1b>[0m test_backbone.R............... 170 tests <1b>[0;32mOK<1b>[0m test_backbone.R............... 171 tests <1b>[0;32mOK<1b>[0m test_backbone.R............... 171 tests <1b>[0;32mOK<1b>[0m test_backbone.R............... 171 tests <1b>[0;32mOK<1b>[0m test_backbone.R............... 172 tests <1b>[0;32mOK<1b>[0m test_backbone.R............... 173 tests <1b>[0;32mOK<1b>[0m test_backbone.R............... 173 tests <1b>[0;32mOK<1b>[0m test_backbone.R............... 174 tests <1b>[0;32mOK<1b>[0m test_backbone.R............... 175 tests <1b>[0;32mOK<1b>[0m test_backbone.R............... 175 tests <1b>[0;32mOK<1b>[0m test_backbone.R............... 176 tests <1b>[0;32mOK<1b>[0m test_backbone.R............... 177 tests <1b>[0;32mOK<1b>[0m test_backbone.R............... 177 tests <1b>[0;32mOK<1b>[0m test_backbone.R............... 178 tests <1b>[0;32mOK<1b>[0m test_backbone.R............... 178 tests <1b>[0;32mOK<1b>[0m test_backbone.R............... 179 tests <1b>[0;32mOK<1b>[0m test_backbone.R............... 179 tests <1b>[0;32mOK<1b>[0m test_backbone.R............... 179 tests <1b>[0;32mOK<1b>[0m test_backbone.R............... 180 tests <1b>[0;32mOK<1b>[0m test_backbone.R............... 180 tests <1b>[0;32mOK<1b>[0m test_backbone.R............... 180 tests <1b>[0;32mOK<1b>[0m test_backbone.R............... 180 tests <1b>[0;32mOK<1b>[0m test_backbone.R............... 180 tests <1b>[0;32mOK<1b>[0m test_backbone.R............... 181 tests <1b>[0;32mOK<1b>[0m test_backbone.R............... 182 tests <1b>[0;32mOK<1b>[0m test_backbone.R............... 183 tests <1b>[0;31m1 fails<1b>[0m test_backbone.R............... 184 tests <1b>[0;31m1 fails<1b>[0m test_backbone.R............... 185 tests <1b>[0;31m1 fails<1b>[0m test_backbone.R............... 186 tests <1b>[0;31m1 fails<1b>[0m test_backbone.R............... 186 tests <1b>[0;31m1 fails<1b>[0m test_backbone.R............... 187 tests <1b>[0;31m1 fails<1b>[0m test_backbone.R............... 188 tests <1b>[0;31m1 fails<1b>[0m test_backbone.R............... 189 tests <1b>[0;31m1 fails<1b>[0m test_backbone.R............... 190 tests <1b>[0;31m1 fails<1b>[0m test_backbone.R............... 191 tests <1b>[0;31m1 fails<1b>[0m test_backbone.R............... 192 tests <1b>[0;31m1 fails<1b>[0m test_backbone.R............... 192 tests <1b>[0;31m1 fails<1b>[0m test_backbone.R............... 193 tests <1b>[0;31m1 fails<1b>[0m test_backbone.R............... 194 tests <1b>[0;31m1 fails<1b>[0m test_backbone.R............... 195 tests <1b>[0;31m1 fails<1b>[0m test_backbone.R............... 196 tests <1b>[0;31m1 fails<1b>[0m test_backbone.R............... 197 tests <1b>[0;31m1 fails<1b>[0m test_backbone.R............... 198 tests <1b>[0;31m1 fails<1b>[0m test_backbone.R............... 198 tests <1b>[0;31m1 fails<1b>[0m test_backbone.R............... 198 tests <1b>[0;31m1 fails<1b>[0m test_backbone.R............... 198 tests <1b>[0;31m1 fails<1b>[0m test_backbone.R............... 199 tests <1b>[0;31m1 fails<1b>[0m test_backbone.R............... 200 tests <1b>[0;31m1 fails<1b>[0m test_backbone.R............... 201 tests <1b>[0;31m1 fails<1b>[0m test_backbone.R............... 202 tests <1b>[0;31m1 fails<1b>[0m test_backbone.R............... 203 tests <1b>[0;31m1 fails<1b>[0m test_backbone.R............... 203 tests <1b>[0;31m1 fails<1b>[0m test_backbone.R............... 204 tests <1b>[0;31m1 fails<1b>[0m test_backbone.R............... 204 tests <1b>[0;31m1 fails<1b>[0m test_backbone.R............... 204 tests <1b>[0;31m1 fails<1b>[0m test_backbone.R............... 204 tests <1b>[0;31m1 fails<1b>[0m test_backbone.R............... 204 tests <1b>[0;31m1 fails<1b>[0m test_backbone.R............... 204 tests <1b>[0;31m1 fails<1b>[0m test_backbone.R............... 205 tests <1b>[0;31m1 fails<1b>[0m test_backbone.R............... 206 tests <1b>[0;31m1 fails<1b>[0m test_backbone.R............... 207 tests <1b>[0;31m1 fails<1b>[0m test_backbone.R............... 208 tests <1b>[0;31m1 fails<1b>[0m test_backbone.R............... 209 tests <1b>[0;31m1 fails<1b>[0m test_backbone.R............... 210 tests <1b>[0;31m1 fails<1b>[0m test_backbone.R............... 211 tests <1b>[0;31m1 fails<1b>[0m test_backbone.R............... 212 tests <1b>[0;31m1 fails<1b>[0m test_backbone.R............... 212 tests <1b>[0;31m1 fails<1b>[0m test_backbone.R............... 213 tests <1b>[0;31m1 fails<1b>[0m test_backbone.R............... 214 tests <1b>[0;31m1 fails<1b>[0m test_backbone.R............... 215 tests <1b>[0;31m1 fails<1b>[0m test_backbone.R............... 216 tests <1b>[0;31m1 fails<1b>[0m test_backbone.R............... 216 tests <1b>[0;31m1 fails<1b>[0m test_backbone.R............... 217 tests <1b>[0;31m1 fails<1b>[0m test_backbone.R............... 218 tests <1b>[0;31m1 fails<1b>[0m test_backbone.R............... 219 tests <1b>[0;31m1 fails<1b>[0m test_backbone.R............... 220 tests <1b>[0;31m1 fails<1b>[0m test_backbone.R............... 220 tests <1b>[0;31m1 fails<1b>[0m test_backbone.R............... 221 tests <1b>[0;31m1 fails<1b>[0m test_backbone.R............... 222 tests <1b>[0;31m1 fails<1b>[0m test_backbone.R............... 223 tests <1b>[0;31m1 fails<1b>[0m test_backbone.R............... 224 tests <1b>[0;31m1 fails<1b>[0m test_backbone.R............... 224 tests <1b>[0;31m1 fails<1b>[0m test_backbone.R............... 224 tests <1b>[0;31m1 fails<1b>[0m test_backbone.R............... 225 tests <1b>[0;31m1 fails<1b>[0m test_backbone.R............... 226 tests <1b>[0;31m1 fails<1b>[0m test_backbone.R............... 227 tests <1b>[0;31m1 fails<1b>[0m test_backbone.R............... 228 tests <1b>[0;31m1 fails<1b>[0m test_backbone.R............... 228 tests <1b>[0;31m1 fails<1b>[0m test_backbone.R............... 228 tests <1b>[0;31m1 fails<1b>[0m test_backbone.R............... 228 tests <1b>[0;31m1 fails<1b>[0m test_backbone.R............... 228 tests <1b>[0;31m1 fails<1b>[0m test_backbone.R............... 229 tests <1b>[0;31m1 fails<1b>[0m test_backbone.R............... 230 tests <1b>[0;31m1 fails<1b>[0m test_backbone.R............... 231 tests <1b>[0;31m1 fails<1b>[0m test_backbone.R............... 232 tests <1b>[0;31m1 fails<1b>[0m test_backbone.R............... 232 tests <1b>[0;31m1 fails<1b>[0m test_backbone.R............... 233 tests <1b>[0;31m1 fails<1b>[0m test_backbone.R............... 234 tests <1b>[0;31m1 fails<1b>[0m test_backbone.R............... 235 tests <1b>[0;31m1 fails<1b>[0m test_backbone.R............... 236 tests <1b>[0;31m1 fails<1b>[0m test_backbone.R............... 236 tests <1b>[0;31m1 fails<1b>[0m test_backbone.R............... 237 tests <1b>[0;31m1 fails<1b>[0m test_backbone.R............... 238 tests <1b>[0;31m1 fails<1b>[0m test_backbone.R............... 239 tests <1b>[0;31m1 fails<1b>[0m test_backbone.R............... 240 tests <1b>[0;31m1 fails<1b>[0m test_backbone.R............... 240 tests <1b>[0;31m1 fails<1b>[0m test_backbone.R............... 241 tests <1b>[0;31m1 fails<1b>[0m test_backbone.R............... 242 tests <1b>[0;31m1 fails<1b>[0m test_backbone.R............... 243 tests <1b>[0;31m1 fails<1b>[0m test_backbone.R............... 244 tests <1b>[0;31m1 fails<1b>[0m test_backbone.R............... 244 tests <1b>[0;31m1 fails<1b>[0m test_backbone.R............... 245 tests <1b>[0;31m1 fails<1b>[0m test_backbone.R............... 246 tests <1b>[0;31m1 fails<1b>[0m test_backbone.R............... 247 tests <1b>[0;31m1 fails<1b>[0m test_backbone.R............... 248 tests <1b>[0;31m1 fails<1b>[0m test_backbone.R............... 248 tests <1b>[0;31m1 fails<1b>[0m test_backbone.R............... 249 tests <1b>[0;31m1 fails<1b>[0m test_backbone.R............... 250 tests <1b>[0;31m1 fails<1b>[0m test_backbone.R............... 251 tests <1b>[0;31m1 fails<1b>[0m test_backbone.R............... 252 tests <1b>[0;31m1 fails<1b>[0m test_backbone.R............... 252 tests <1b>[0;31m1 fails<1b>[0m test_backbone.R............... 253 tests <1b>[0;31m1 fails<1b>[0m test_backbone.R............... 254 tests <1b>[0;31m1 fails<1b>[0m test_backbone.R............... 255 tests <1b>[0;31m1 fails<1b>[0m test_backbone.R............... 256 tests <1b>[0;31m1 fails<1b>[0m test_backbone.R............... 256 tests <1b>[0;31m1 fails<1b>[0m test_backbone.R............... 257 tests <1b>[0;31m1 fails<1b>[0m test_backbone.R............... 258 tests <1b>[0;31m1 fails<1b>[0m test_backbone.R............... 259 tests <1b>[0;31m1 fails<1b>[0m test_backbone.R............... 259 tests <1b>[0;31m1 fails<1b>[0m test_backbone.R............... 260 tests <1b>[0;31m1 fails<1b>[0m test_backbone.R............... 261 tests <1b>[0;31m1 fails<1b>[0m test_backbone.R............... 262 tests <1b>[0;31m1 fails<1b>[0m test_backbone.R............... 263 tests <1b>[0;31m1 fails<1b>[0m test_backbone.R............... 263 tests <1b>[0;31m1 fails<1b>[0m test_backbone.R............... 264 tests <1b>[0;31m1 fails<1b>[0m test_backbone.R............... 265 tests <1b>[0;31m1 fails<1b>[0m test_backbone.R............... 266 tests <1b>[0;31m1 fails<1b>[0m test_backbone.R............... 267 tests <1b>[0;31m1 fails<1b>[0m test_backbone.R............... 267 tests <1b>[0;31m1 fails<1b>[0m test_backbone.R............... 268 tests <1b>[0;31m1 fails<1b>[0m test_backbone.R............... 269 tests <1b>[0;31m1 fails<1b>[0m test_backbone.R............... 270 tests <1b>[0;31m1 fails<1b>[0m test_backbone.R............... 271 tests <1b>[0;31m1 fails<1b>[0m test_backbone.R............... 271 tests <1b>[0;31m1 fails<1b>[0m test_backbone.R............... 271 tests <1b>[0;31m1 fails<1b>[0m test_backbone.R............... 271 tests <1b>[0;31m1 fails<1b>[0m test_backbone.R............... 271 tests <1b>[0;31m1 fails<1b>[0m test_backbone.R............... 272 tests <1b>[0;31m1 fails<1b>[0m test_backbone.R............... 273 tests <1b>[0;31m1 fails<1b>[0m test_backbone.R............... 274 tests <1b>[0;31m1 fails<1b>[0m test_backbone.R............... 274 tests <1b>[0;31m1 fails<1b>[0m test_backbone.R............... 275 tests <1b>[0;31m1 fails<1b>[0m test_backbone.R............... 276 tests <1b>[0;31m1 fails<1b>[0m test_backbone.R............... 277 tests <1b>[0;31m1 fails<1b>[0m test_backbone.R............... 277 tests <1b>[0;31m1 fails<1b>[0m test_backbone.R............... 278 tests <1b>[0;31m1 fails<1b>[0m test_backbone.R............... 279 tests <1b>[0;31m1 fails<1b>[0m test_backbone.R............... 280 tests <1b>[0;31m1 fails<1b>[0m test_backbone.R............... 280 tests <1b>[0;31m1 fails<1b>[0m test_backbone.R............... 281 tests <1b>[0;31m1 fails<1b>[0m test_backbone.R............... 282 tests <1b>[0;31m1 fails<1b>[0m test_backbone.R............... 283 tests <1b>[0;31m1 fails<1b>[0m test_backbone.R............... 283 tests <1b>[0;31m1 fails<1b>[0m test_backbone.R............... 283 tests <1b>[0;31m1 fails<1b>[0m test_backbone.R............... 283 tests <1b>[0;31m1 fails<1b>[0m test_backbone.R............... 283 tests <1b>[0;31m1 fails<1b>[0m test_backbone.R............... 283 tests <1b>[0;31m1 fails<1b>[0m test_backbone.R............... 284 tests <1b>[0;31m1 fails<1b>[0m test_backbone.R............... 285 tests <1b>[0;31m1 fails<1b>[0m test_backbone.R............... 286 tests <1b>[0;31m1 fails<1b>[0m test_backbone.R............... 287 tests <1b>[0;31m1 fails<1b>[0m test_backbone.R............... 287 tests <1b>[0;31m1 fails<1b>[0m test_backbone.R............... 288 tests <1b>[0;31m1 fails<1b>[0m test_backbone.R............... 289 tests <1b>[0;31m1 fails<1b>[0m test_backbone.R............... 290 tests <1b>[0;31m1 fails<1b>[0m test_backbone.R............... 291 tests <1b>[0;31m1 fails<1b>[0m test_backbone.R............... 292 tests <1b>[0;31m1 fails<1b>[0m test_backbone.R............... 292 tests <1b>[0;31m1 fails<1b>[0m test_backbone.R............... 293 tests <1b>[0;31m1 fails<1b>[0m test_backbone.R............... 294 tests <1b>[0;31m1 fails<1b>[0m test_backbone.R............... 295 tests <1b>[0;31m1 fails<1b>[0m test_backbone.R............... 295 tests <1b>[0;31m1 fails<1b>[0m test_backbone.R............... 296 tests <1b>[0;31m1 fails<1b>[0m test_backbone.R............... 296 tests <1b>[0;31m1 fails<1b>[0m test_backbone.R............... 297 tests <1b>[0;31m1 fails<1b>[0m test_backbone.R............... 298 tests <1b>[0;31m1 fails<1b>[0m test_backbone.R............... 299 tests <1b>[0;31m1 fails<1b>[0m test_backbone.R............... 300 tests <1b>[0;31m1 fails<1b>[0m test_backbone.R............... 301 tests <1b>[0;31m1 fails<1b>[0m test_backbone.R............... 301 tests <1b>[0;31m1 fails<1b>[0m test_backbone.R............... 302 tests <1b>[0;31m1 fails<1b>[0m test_backbone.R............... 303 tests <1b>[0;31m1 fails<1b>[0m test_backbone.R............... 304 tests <1b>[0;31m1 fails<1b>[0m test_backbone.R............... 304 tests <1b>[0;31m1 fails<1b>[0m test_backbone.R............... 305 tests <1b>[0;31m1 fails<1b>[0m test_backbone.R............... 306 tests <1b>[0;31m1 fails<1b>[0m test_backbone.R............... 307 tests <1b>[0;31m1 fails<1b>[0m test_backbone.R............... 307 tests <1b>[0;31m1 fails<1b>[0m test_backbone.R............... 307 tests <1b>[0;31m1 fails<1b>[0m test_backbone.R............... 308 tests <1b>[0;31m1 fails<1b>[0m test_backbone.R............... 309 tests <1b>[0;31m1 fails<1b>[0m test_backbone.R............... 310 tests <1b>[0;31m1 fails<1b>[0m test_backbone.R............... 311 tests <1b>[0;31m1 fails<1b>[0m test_backbone.R............... 312 tests <1b>[0;31m1 fails<1b>[0m test_backbone.R............... 313 tests <1b>[0;31m1 fails<1b>[0m test_backbone.R............... 314 tests <1b>[0;31m1 fails<1b>[0m test_backbone.R............... 315 tests <1b>[0;31m1 fails<1b>[0m test_backbone.R............... 315 tests <1b>[0;31m1 fails<1b>[0m test_backbone.R............... 316 tests <1b>[0;31m1 fails<1b>[0m test_backbone.R............... 316 tests <1b>[0;31m1 fails<1b>[0m test_backbone.R............... 317 tests <1b>[0;31m1 fails<1b>[0m test_backbone.R............... 318 tests <1b>[0;31m1 fails<1b>[0m test_backbone.R............... 319 tests <1b>[0;31m1 fails<1b>[0m test_backbone.R............... 320 tests <1b>[0;31m1 fails<1b>[0m test_backbone.R............... 321 tests <1b>[0;31m1 fails<1b>[0m test_backbone.R............... 322 tests <1b>[0;31m1 fails<1b>[0m test_backbone.R............... 323 tests <1b>[0;31m1 fails<1b>[0m test_backbone.R............... 324 tests <1b>[0;31m1 fails<1b>[0m test_backbone.R............... 325 tests <1b>[0;31m1 fails<1b>[0m test_backbone.R............... 325 tests <1b>[0;31m1 fails<1b>[0m test_backbone.R............... 326 tests <1b>[0;31m1 fails<1b>[0m test_backbone.R............... 326 tests <1b>[0;31m1 fails<1b>[0m test_backbone.R............... 327 tests <1b>[0;31m1 fails<1b>[0m test_backbone.R............... 328 tests <1b>[0;31m1 fails<1b>[0m test_backbone.R............... 329 tests <1b>[0;31m1 fails<1b>[0m test_backbone.R............... 330 tests <1b>[0;31m1 fails<1b>[0m test_backbone.R............... 331 tests <1b>[0;31m1 fails<1b>[0m test_backbone.R............... 332 tests <1b>[0;31m1 fails<1b>[0m test_backbone.R............... 333 tests <1b>[0;31m1 fails<1b>[0m test_backbone.R............... 334 tests <1b>[0;31m1 fails<1b>[0m test_backbone.R............... 335 tests <1b>[0;31m1 fails<1b>[0m test_backbone.R............... 335 tests <1b>[0;31m1 fails<1b>[0m test_backbone.R............... 336 tests <1b>[0;31m1 fails<1b>[0m test_backbone.R............... 336 tests <1b>[0;31m1 fails<1b>[0m test_backbone.R............... 337 tests <1b>[0;31m1 fails<1b>[0m test_backbone.R............... 338 tests <1b>[0;31m1 fails<1b>[0m test_backbone.R............... 339 tests <1b>[0;31m1 fails<1b>[0m test_backbone.R............... 340 tests <1b>[0;31m1 fails<1b>[0m test_backbone.R............... 341 tests <1b>[0;31m1 fails<1b>[0m test_backbone.R............... 342 tests <1b>[0;31m1 fails<1b>[0m test_backbone.R............... 343 tests <1b>[0;31m1 fails<1b>[0m test_backbone.R............... 344 tests <1b>[0;31m1 fails<1b>[0m test_backbone.R............... 345 tests <1b>[0;31m1 fails<1b>[0m test_backbone.R............... 345 tests <1b>[0;31m1 fails<1b>[0m test_backbone.R............... 346 tests <1b>[0;31m1 fails<1b>[0m test_backbone.R............... 346 tests <1b>[0;31m1 fails<1b>[0m test_backbone.R............... 347 tests <1b>[0;31m1 fails<1b>[0m test_backbone.R............... 348 tests <1b>[0;31m1 fails<1b>[0m test_backbone.R............... 349 tests <1b>[0;31m1 fails<1b>[0m test_backbone.R............... 350 tests <1b>[0;31m1 fails<1b>[0m test_backbone.R............... 351 tests <1b>[0;31m1 fails<1b>[0m test_backbone.R............... 352 tests <1b>[0;31m1 fails<1b>[0m test_backbone.R............... 353 tests <1b>[0;31m1 fails<1b>[0m test_backbone.R............... 354 tests <1b>[0;31m1 fails<1b>[0m test_backbone.R............... 355 tests <1b>[0;31m1 fails<1b>[0m test_backbone.R............... 355 tests <1b>[0;31m1 fails<1b>[0m test_backbone.R............... 356 tests <1b>[0;31m1 fails<1b>[0m test_backbone.R............... 356 tests <1b>[0;31m1 fails<1b>[0m test_backbone.R............... 357 tests <1b>[0;31m1 fails<1b>[0m test_backbone.R............... 358 tests <1b>[0;31m1 fails<1b>[0m test_backbone.R............... 359 tests <1b>[0;31m1 fails<1b>[0m test_backbone.R............... 360 tests <1b>[0;31m1 fails<1b>[0m test_backbone.R............... 361 tests <1b>[0;31m1 fails<1b>[0m test_backbone.R............... 362 tests <1b>[0;31m1 fails<1b>[0m test_backbone.R............... 363 tests <1b>[0;31m1 fails<1b>[0m test_backbone.R............... 364 tests <1b>[0;31m1 fails<1b>[0m test_backbone.R............... 365 tests <1b>[0;31m1 fails<1b>[0m test_backbone.R............... 365 tests <1b>[0;31m1 fails<1b>[0m test_backbone.R............... 366 tests <1b>[0;31m1 fails<1b>[0m test_backbone.R............... 366 tests <1b>[0;31m1 fails<1b>[0m test_backbone.R............... 367 tests <1b>[0;31m1 fails<1b>[0m test_backbone.R............... 368 tests <1b>[0;31m1 fails<1b>[0m test_backbone.R............... 369 tests <1b>[0;31m1 fails<1b>[0m test_backbone.R............... 370 tests <1b>[0;31m1 fails<1b>[0m test_backbone.R............... 371 tests <1b>[0;31m1 fails<1b>[0m test_backbone.R............... 372 tests <1b>[0;31m1 fails<1b>[0m test_backbone.R............... 373 tests <1b>[0;31m1 fails<1b>[0m test_backbone.R............... 374 tests <1b>[0;31m1 fails<1b>[0m test_backbone.R............... 375 tests <1b>[0;31m1 fails<1b>[0m test_backbone.R............... 375 tests <1b>[0;31m1 fails<1b>[0m test_backbone.R............... 376 tests <1b>[0;31m1 fails<1b>[0m test_backbone.R............... 376 tests <1b>[0;31m1 fails<1b>[0m test_backbone.R............... 377 tests <1b>[0;31m1 fails<1b>[0m test_backbone.R............... 378 tests <1b>[0;31m1 fails<1b>[0m test_backbone.R............... 379 tests <1b>[0;31m1 fails<1b>[0m test_backbone.R............... 380 tests <1b>[0;31m1 fails<1b>[0m test_backbone.R............... 381 tests <1b>[0;31m1 fails<1b>[0m test_backbone.R............... 382 tests <1b>[0;31m1 fails<1b>[0m test_backbone.R............... 383 tests <1b>[0;31m1 fails<1b>[0m test_backbone.R............... 384 tests <1b>[0;31m1 fails<1b>[0m test_backbone.R............... 385 tests <1b>[0;31m1 fails<1b>[0m test_backbone.R............... 385 tests <1b>[0;31m1 fails<1b>[0m test_backbone.R............... 386 tests <1b>[0;31m1 fails<1b>[0m test_backbone.R............... 386 tests <1b>[0;31m1 fails<1b>[0m test_backbone.R............... 387 tests <1b>[0;31m1 fails<1b>[0m test_backbone.R............... 388 tests <1b>[0;31m1 fails<1b>[0m test_backbone.R............... 389 tests <1b>[0;31m1 fails<1b>[0m test_backbone.R............... 390 tests <1b>[0;31m1 fails<1b>[0m test_backbone.R............... 391 tests <1b>[0;31m1 fails<1b>[0m test_backbone.R............... 392 tests <1b>[0;31m1 fails<1b>[0m test_backbone.R............... 393 tests <1b>[0;31m1 fails<1b>[0m test_backbone.R............... 394 tests <1b>[0;31m1 fails<1b>[0m test_backbone.R............... 395 tests <1b>[0;31m1 fails<1b>[0m test_backbone.R............... 395 tests <1b>[0;31m1 fails<1b>[0m test_backbone.R............... 396 tests <1b>[0;31m1 fails<1b>[0m test_backbone.R............... 396 tests <1b>[0;31m1 fails<1b>[0m test_backbone.R............... 396 tests <1b>[0;31m1 fails<1b>[0m test_backbone.R............... 397 tests <1b>[0;31m1 fails<1b>[0m test_backbone.R............... 398 tests <1b>[0;31m1 fails<1b>[0m test_backbone.R............... 399 tests <1b>[0;31m1 fails<1b>[0m test_backbone.R............... 400 tests <1b>[0;31m1 fails<1b>[0m test_backbone.R............... 401 tests <1b>[0;31m1 fails<1b>[0m test_backbone.R............... 402 tests <1b>[0;31m1 fails<1b>[0m test_backbone.R............... 403 tests <1b>[0;31m1 fails<1b>[0m test_backbone.R............... 404 tests <1b>[0;31m1 fails<1b>[0m test_backbone.R............... 405 tests <1b>[0;31m1 fails<1b>[0m test_backbone.R............... 406 tests <1b>[0;31m1 fails<1b>[0m test_backbone.R............... 406 tests <1b>[0;31m1 fails<1b>[0m test_backbone.R............... 407 tests <1b>[0;31m1 fails<1b>[0m test_backbone.R............... 407 tests <1b>[0;31m1 fails<1b>[0m test_backbone.R............... 407 tests <1b>[0;31m1 fails<1b>[0m test_backbone.R............... 407 tests <1b>[0;31m1 fails<1b>[0m test_backbone.R............... 407 tests <1b>[0;31m1 fails<1b>[0m The backbone package for R (v3.0.2; Neal, 2025) was used to extract the signed backbone of the weighted projection of a bipartite network containing 30 agents and 75 artifacts. An edge was retained in the backbone if its weight was statistically significant (alpha = 0.05) using the stochastic degree sequence model (SDSM; Neal, Domagalski, and Sagan, 2021), which reduced the number of edges by 59.31%. Neal, Z. P. 2025. backbone: An R Package to Extract Network Backbones. CRAN. https://doi.org/10.32614/CRAN.package.backbone Neal, Z. P., Domagalski, R., and Sagan, B. (2021). Comparing Alternatives to the Fixed Degree Sequence Model for Extracting the Backbone of Bipartite Projections. Scientific Reports, 11, 23929. https://doi.org/10.1038/s41598-021-03238-3 test_backbone.R............... 407 tests <1b>[0;31m1 fails<1b>[0m test_backbone.R............... 408 tests <1b>[0;31m1 fails<1b>[0m test_backbone.R............... 409 tests <1b>[0;31m1 fails<1b>[0m test_backbone.R............... 410 tests <1b>[0;31m1 fails<1b>[0m test_backbone.R............... 411 tests <1b>[0;31m1 fails<1b>[0m test_backbone.R............... 412 tests <1b>[0;31m1 fails<1b>[0m test_backbone.R............... 413 tests <1b>[0;31m1 fails<1b>[0m test_backbone.R............... 413 tests <1b>[0;31m1 fails<1b>[0m The backbone package for R (v3.0.2; Neal, 2025) was used to extract the unweighted backbone of a weighted network containing 10 nodes. An edge was retained in the backbone if its weight was statistically significant (alpha = 0.05) using the disparity filter (Serrano et al., 2009), which reduced the number of edges by 57.14%. Neal, Z. P. 2025. backbone: An R Package to Extract Network Backbones. CRAN. https://doi.org/10.32614/CRAN.package.backbone Serrano, M. A., Boguna, M., & Vespignani, A. (2009). Extracting the multiscale backbone of complex weighted networks. Proceedings of the National Academy of Sciences, 106, 6483-6488. https://doi.org/10.1073/pnas.0808904106 test_backbone.R............... 413 tests <1b>[0;31m1 fails<1b>[0m test_backbone.R............... 414 tests <1b>[0;31m1 fails<1b>[0m test_backbone.R............... 414 tests <1b>[0;31m1 fails<1b>[0m test_backbone.R............... 415 tests <1b>[0;31m1 fails<1b>[0m test_backbone.R............... 415 tests <1b>[0;31m1 fails<1b>[0m The backbone package for R (v3.0.2; Neal, 2025) was used to extract the unweighted backbone of an unweighted network containing 60 nodes. Edges were selected for retention in the backbone using Satuluri et al's (2011) Local Sparsification backbone model (filtering parameter = 0.5), which reduced the number of edges by 68.88%. Neal, Z. P. 2025. backbone: An R Package to Extract Network Backbones. CRAN. https://doi.org/10.32614/CRAN.package.backbone Satuluri, V., Parthasarathy, S., & Ruan, Y. (2011, June). Local graph sparsification for scalable clustering. In Proceedings of the 2011 ACM SIGMOD International Conference on Management of data (pp. 721-732). https://doi.org/10.1145/1989323.1989399 test_backbone.R............... 415 tests <1b>[0;31m1 fails<1b>[0m test_backbone.R............... 416 tests <1b>[0;31m1 fails<1b>[0m <1b>[0;34m8.0s<1b>[0m ----- FAILED[data]: test_backbone.R<393--393> call| expect_true(any(bb %in% c(-1))) diff| Expected TRUE, got FALSE Error: 1 out of 416 tests failed Execution halted Flavor: r-devel-linux-x86_64-debian-clang