Last updated on 2024-05-12 09:52:30 CEST.
Flavor | Version | Tinstall | Tcheck | Ttotal | Status | Flags |
---|---|---|---|---|---|---|
r-devel-linux-x86_64-debian-clang | 0.1.0 | 23.00 | 199.59 | 222.59 | OK | |
r-devel-linux-x86_64-debian-gcc | 0.1.0 | 19.27 | 146.99 | 166.26 | OK | |
r-devel-linux-x86_64-fedora-clang | 0.1.0 | 301.51 | NOTE | |||
r-devel-linux-x86_64-fedora-gcc | 0.1.0 | 323.96 | OK | |||
r-devel-windows-x86_64 | 0.1.0 | 20.00 | 160.00 | 180.00 | OK | |
r-patched-linux-x86_64 | 0.1.0 | 15.58 | 191.25 | 206.83 | OK | |
r-release-linux-x86_64 | 0.1.0 | 15.92 | 193.63 | 209.55 | OK | |
r-release-macos-arm64 | 0.1.0 | 69.00 | OK | |||
r-release-macos-x86_64 | 0.1.0 | 200.00 | OK | |||
r-release-windows-x86_64 | 0.1.0 | 21.00 | 160.00 | 181.00 | OK | |
r-oldrel-macos-arm64 | 0.1.0 | 80.00 | OK | |||
r-oldrel-macos-x86_64 | 0.1.0 | 208.00 | OK | |||
r-oldrel-windows-x86_64 | 0.1.0 | 26.00 | 200.00 | 226.00 | OK |
Version: 0.1.0
Check: package dependencies
Result: NOTE
Imports includes 25 non-default packages.
Importing from so many packages makes the package vulnerable to any of
them becoming unavailable. Move as many as possible to Suggests and
use conditionally.
Flavor: r-devel-linux-x86_64-fedora-clang