Last updated on 2024-05-13 09:50:38 CEST.
Flavor | Version | Tinstall | Tcheck | Ttotal | Status | Flags |
---|---|---|---|---|---|---|
r-devel-linux-x86_64-debian-clang | 3.1-3 | 27.82 | 232.13 | 259.95 | WARN | |
r-devel-linux-x86_64-debian-gcc | 3.1-3 | 19.68 | 170.90 | 190.58 | WARN | |
r-devel-linux-x86_64-fedora-clang | 3.1-3 | 356.72 | WARN | |||
r-devel-linux-x86_64-fedora-gcc | 3.1-3 | 377.23 | WARN | |||
r-devel-windows-x86_64 | 3.1-3 | 21.00 | 198.00 | 219.00 | WARN | |
r-patched-linux-x86_64 | 3.1-3 | 26.44 | 220.81 | 247.25 | WARN | |
r-release-linux-x86_64 | 3.1-3 | 24.39 | 225.39 | 249.78 | WARN | |
r-release-macos-arm64 | 3.1-3 | 252.00 | OK | |||
r-release-windows-x86_64 | 3.1-3 | 23.00 | 200.00 | 223.00 | WARN | |
r-oldrel-macos-arm64 | 3.1-3 | 98.00 | OK | |||
r-oldrel-macos-x86_64 | 3.1-3 | 183.00 | OK | |||
r-oldrel-windows-x86_64 | 3.1-3 | 27.00 | 248.00 | 275.00 | WARN |
Version: 3.1-3
Check: Rd cross-references
Result: WARN
Missing link or links in Rd file 'cv_spatial.Rd':
‘[biomod2]{BIOMOD_cv}’
See section 'Cross-references' in the 'Writing R Extensions' manual.
Flavors: r-devel-linux-x86_64-debian-clang, r-devel-linux-x86_64-debian-gcc, r-devel-linux-x86_64-fedora-clang, r-devel-linux-x86_64-fedora-gcc, r-devel-windows-x86_64, r-patched-linux-x86_64, r-release-linux-x86_64, r-release-windows-x86_64
Version: 3.1-3
Check: Rd cross-references
Result: WARN
Missing link or links in documentation object 'cv_spatial.Rd':
'[biomod2]{BIOMOD_cv}'
See section 'Cross-references' in the 'Writing R Extensions' manual.
Flavor: r-oldrel-windows-x86_64