Last updated on 2024-05-12 09:52:32 CEST.
Flavor | Version | Tinstall | Tcheck | Ttotal | Status | Flags |
---|---|---|---|---|---|---|
r-devel-linux-x86_64-debian-clang | 2.2-0 | 9.51 | 67.75 | 77.26 | OK | |
r-devel-linux-x86_64-debian-gcc | 2.2-0 | 7.07 | 49.88 | 56.95 | OK | |
r-devel-linux-x86_64-fedora-clang | 2.2-0 | 95.25 | NOTE | |||
r-devel-linux-x86_64-fedora-gcc | 2.2-0 | 140.08 | NOTE | |||
r-devel-windows-x86_64 | 2.2-0 | 11.00 | 65.00 | 76.00 | OK | |
r-patched-linux-x86_64 | 2.2-0 | 9.40 | 65.09 | 74.49 | OK | |
r-release-linux-x86_64 | 2.2-0 | 8.20 | 64.15 | 72.35 | OK | |
r-release-macos-arm64 | 2.2-0 | 33.00 | OK | |||
r-release-windows-x86_64 | 2.2-0 | 11.00 | 66.00 | 77.00 | OK | |
r-oldrel-macos-arm64 | 2.2-0 | 36.00 | OK | |||
r-oldrel-macos-x86_64 | 2.2-0 | 54.00 | OK | |||
r-oldrel-windows-x86_64 | 2.2-0 | 13.00 | 75.00 | 88.00 | OK |
Version: 2.2-0
Check: compiled code
Result: NOTE
File ‘coenoflex/libs/coenoflex.so’:
Found no calls to: ‘R_registerRoutines’, ‘R_useDynamicSymbols’
It is good practice to register native routines and to disable symbol
search.
See ‘Writing portable packages’ in the ‘Writing R Extensions’ manual.
Flavors: r-devel-linux-x86_64-fedora-clang, r-devel-linux-x86_64-fedora-gcc