Last updated on 2024-05-12 09:52:32 CEST.
Flavor | Version | Tinstall | Tcheck | Ttotal | Status | Flags |
---|---|---|---|---|---|---|
r-devel-linux-x86_64-debian-clang | 1.1.0 | 12.59 | 54.86 | 67.45 | OK | |
r-devel-linux-x86_64-debian-gcc | 1.1.0 | 10.70 | 42.21 | 52.91 | OK | |
r-devel-linux-x86_64-fedora-clang | 1.1.0 | 85.93 | OK | |||
r-devel-linux-x86_64-fedora-gcc | 1.1.0 | 122.12 | OK | |||
r-devel-windows-x86_64 | 1.1.0 | 14.00 | 67.00 | 81.00 | OK | |
r-patched-linux-x86_64 | 1.1.0 | 11.96 | 53.59 | 65.55 | OK | |
r-release-linux-x86_64 | 1.1.0 | 10.65 | 53.65 | 64.30 | OK | |
r-release-macos-arm64 | 1.1.0 | 39.00 | OK | |||
r-release-windows-x86_64 | 1.1.0 | 15.00 | 67.00 | 82.00 | OK | |
r-oldrel-macos-arm64 | 1.1.0 | 41.00 | NOTE | |||
r-oldrel-macos-x86_64 | 1.1.0 | 63.00 | OK | |||
r-oldrel-windows-x86_64 | 1.1.0 | 20.00 | 72.00 | 92.00 | OK |
Version: 1.1.0
Check: installed package size
Result: NOTE
installed size is 5.2Mb
sub-directories of 1Mb or more:
data 4.9Mb
Flavor: r-oldrel-macos-arm64