Last updated on 2024-05-12 09:52:33 CEST.
Flavor | Version | Tinstall | Tcheck | Ttotal | Status | Flags |
---|---|---|---|---|---|---|
r-devel-linux-x86_64-debian-clang | 3.1 | 170.70 | 43.07 | 213.77 | NOTE | |
r-devel-linux-x86_64-debian-gcc | 3.1 | 124.40 | 32.79 | 157.19 | NOTE | |
r-devel-linux-x86_64-fedora-clang | 3.1 | 326.77 | NOTE | |||
r-devel-linux-x86_64-fedora-gcc | 3.1 | 382.21 | NOTE | |||
r-devel-windows-x86_64 | 3.1 | 149.00 | 79.00 | 228.00 | NOTE | |
r-patched-linux-x86_64 | 3.1 | 166.70 | 40.91 | 207.61 | NOTE | |
r-release-linux-x86_64 | 3.1 | 160.50 | 41.38 | 201.88 | NOTE | |
r-release-macos-arm64 | 3.1 | 59.00 | NOTE | |||
r-release-windows-x86_64 | 3.1 | 146.00 | 81.00 | 227.00 | NOTE | |
r-oldrel-macos-arm64 | 3.1 | 80.00 | NOTE | |||
r-oldrel-macos-x86_64 | 3.1 | 165.00 | NOTE | |||
r-oldrel-windows-x86_64 | 3.1 | 150.00 | 88.00 | 238.00 | NOTE |
Version: 3.1
Check: C++ specification
Result: NOTE
Specified C++11: please drop specification unless essential
Flavors: r-devel-linux-x86_64-debian-clang, r-devel-linux-x86_64-debian-gcc, r-devel-linux-x86_64-fedora-clang, r-devel-linux-x86_64-fedora-gcc, r-devel-windows-x86_64, r-patched-linux-x86_64, r-release-linux-x86_64, r-release-macos-arm64, r-release-windows-x86_64, r-oldrel-macos-arm64, r-oldrel-macos-x86_64, r-oldrel-windows-x86_64
Version: 3.1
Check: for GNU extensions in Makefiles
Result: NOTE
GNU make is a SystemRequirements.
Flavors: r-devel-linux-x86_64-debian-clang, r-devel-linux-x86_64-debian-gcc, r-devel-linux-x86_64-fedora-clang, r-devel-linux-x86_64-fedora-gcc, r-devel-windows-x86_64, r-patched-linux-x86_64, r-release-linux-x86_64, r-release-macos-arm64, r-release-windows-x86_64, r-oldrel-macos-arm64, r-oldrel-macos-x86_64, r-oldrel-windows-x86_64
Version: 3.1
Check: dependencies in R code
Result: NOTE
Namespace in Imports field not imported from: ‘RcppProgress’
All declared Imports should be used.
Flavors: r-devel-linux-x86_64-fedora-clang, r-devel-linux-x86_64-fedora-gcc
Version: 3.1
Check: installed package size
Result: NOTE
installed size is 6.8Mb
sub-directories of 1Mb or more:
libs 6.6Mb
Flavors: r-release-macos-arm64, r-oldrel-macos-arm64, r-oldrel-macos-x86_64