Last updated on 2024-05-13 09:50:40 CEST.
Flavor | Version | Tinstall | Tcheck | Ttotal | Status | Flags |
---|---|---|---|---|---|---|
r-devel-linux-x86_64-debian-clang | 1.2-2.1 | 6.22 | 69.65 | 75.87 | NOTE | |
r-devel-linux-x86_64-debian-gcc | 1.2-2.1 | 6.50 | 52.45 | 58.95 | NOTE | |
r-devel-linux-x86_64-fedora-clang | 1.2-2.1 | 96.23 | NOTE | |||
r-devel-linux-x86_64-fedora-gcc | 1.2-2.1 | 142.79 | NOTE | |||
r-devel-windows-x86_64 | 1.2-2.1 | 8.00 | 66.00 | 74.00 | NOTE | |
r-patched-linux-x86_64 | 1.2-2.1 | 8.77 | 66.43 | 75.20 | NOTE | |
r-release-linux-x86_64 | 1.2-2.1 | 5.92 | 67.27 | 73.19 | NOTE | |
r-release-macos-arm64 | 1.2-2.1 | 31.00 | NOTE | |||
r-release-windows-x86_64 | 1.2-2.1 | 7.00 | 67.00 | 74.00 | NOTE | |
r-oldrel-macos-arm64 | 1.2-2.1 | 34.00 | NOTE | |||
r-oldrel-macos-x86_64 | 1.2-2.1 | 51.00 | NOTE | |||
r-oldrel-windows-x86_64 | 1.2-2.1 | 10.00 | 77.00 | 87.00 | NOTE |
Version: 1.2-2.1
Check: LazyData
Result: NOTE
'LazyData' is specified without a 'data' directory
Flavors: r-devel-linux-x86_64-debian-clang, r-devel-linux-x86_64-debian-gcc, r-devel-linux-x86_64-fedora-clang, r-devel-linux-x86_64-fedora-gcc, r-devel-windows-x86_64, r-patched-linux-x86_64, r-release-linux-x86_64, r-release-macos-arm64, r-release-windows-x86_64, r-oldrel-macos-arm64, r-oldrel-macos-x86_64, r-oldrel-windows-x86_64