CRAN Package Check Results for Package csppData

Last updated on 2025-11-20 09:48:25 CET.

Flavor Version Tinstall Tcheck Ttotal Status Flags
r-devel-linux-x86_64-debian-clang 0.2.61 15.89 23.86 39.75 NOTE
r-devel-linux-x86_64-debian-gcc 0.2.61 12.87 20.51 33.38 NOTE
r-devel-linux-x86_64-fedora-clang 0.2.61 40.00 19.60 59.60 OK
r-devel-linux-x86_64-fedora-gcc 0.2.61 40.00 17.32 57.32 OK
r-devel-windows-x86_64 0.2.61 17.00 42.00 59.00 OK
r-patched-linux-x86_64 0.2.61 16.89 21.64 38.53 OK
r-release-linux-x86_64 0.2.61 16.13 21.69 37.82 OK
r-release-macos-arm64 0.2.61 OK
r-release-macos-x86_64 0.2.61 17.00 25.00 42.00 OK
r-release-windows-x86_64 0.2.61 17.00 43.00 60.00 OK
r-oldrel-macos-arm64 0.2.61 NOTE
r-oldrel-macos-x86_64 0.2.61 13.00 24.00 37.00 NOTE
r-oldrel-windows-x86_64 0.2.61 18.00 44.00 62.00 NOTE

Check Details

Version: 0.2.61
Check: CRAN incoming feasibility
Result: NOTE Maintainer: ‘Caleb Lucas <calebjlucas@gmail.com>’ No Authors@R field in DESCRIPTION. Please add one, modifying Authors@R: c(person(given = "Caleb", family = "Lucas", role = c("aut", "cre"), email = "calebjlucas@gmail.com", comment = "https://caleblucas.com/"), person(given = "Joshua", family = "McCrain", role = "aut", comment = "http://joshuamccrain.com/")) as necessary. Flavors: r-devel-linux-x86_64-debian-clang, r-devel-linux-x86_64-debian-gcc

Version: 0.2.61
Check: installed package size
Result: NOTE installed size is 8.6Mb sub-directories of 1Mb or more: data 8.6Mb Flavors: r-oldrel-macos-arm64, r-oldrel-macos-x86_64, r-oldrel-windows-x86_64