Last updated on 2024-05-12 09:52:34 CEST.
Flavor | Version | Tinstall | Tcheck | Ttotal | Status | Flags |
---|---|---|---|---|---|---|
r-devel-linux-x86_64-debian-clang | 0.1.2 | 58.66 | 85.36 | 144.02 | OK | |
r-devel-linux-x86_64-debian-gcc | 0.1.2 | 45.08 | 66.63 | 111.71 | OK | |
r-devel-linux-x86_64-fedora-clang | 0.1.2 | 189.39 | OK | |||
r-devel-linux-x86_64-fedora-gcc | 0.1.2 | 255.73 | OK | |||
r-devel-windows-x86_64 | 0.1.2 | 40.00 | 121.00 | 161.00 | OK | |
r-patched-linux-x86_64 | 0.1.2 | 57.25 | 85.32 | 142.57 | OK | |
r-release-linux-x86_64 | 0.1.2 | 60.86 | 87.08 | 147.94 | OK | |
r-release-macos-arm64 | 0.1.2 | 56.00 | NOTE | |||
r-release-windows-x86_64 | 0.1.2 | 44.00 | 118.00 | 162.00 | OK | |
r-oldrel-macos-arm64 | 0.1.2 | 228.00 | NOTE | |||
r-oldrel-macos-x86_64 | 0.1.2 | 209.00 | NOTE | |||
r-oldrel-windows-x86_64 | 0.1.2 | 50.00 | 133.00 | 183.00 | OK |
Version: 0.1.2
Check: installed package size
Result: NOTE
installed size is 15.5Mb
sub-directories of 1Mb or more:
R 2.5Mb
libs 12.5Mb
Flavors: r-release-macos-arm64, r-oldrel-macos-arm64, r-oldrel-macos-x86_64