Last updated on 2024-05-13 09:50:43 CEST.
Flavor | Version | Tinstall | Tcheck | Ttotal | Status | Flags |
---|---|---|---|---|---|---|
r-devel-linux-x86_64-debian-clang | 1.0-9 | 18.12 | 100.10 | 118.22 | OK | |
r-devel-linux-x86_64-debian-gcc | 1.0-9 | 12.86 | 71.54 | 84.40 | OK | |
r-devel-linux-x86_64-fedora-clang | 1.0-9 | 87.99 | OK | |||
r-devel-linux-x86_64-fedora-gcc | 1.0-9 | 140.96 | OK | |||
r-devel-windows-x86_64 | 1.0-9 | 16.00 | 97.00 | 113.00 | OK | |
r-patched-linux-x86_64 | 1.0-9 | 14.76 | 93.24 | 108.00 | OK | |
r-release-linux-x86_64 | 1.0-9 | 12.88 | 93.09 | 105.97 | OK | |
r-release-macos-arm64 | 1.0-9 | 43.00 | OK | |||
r-release-windows-x86_64 | 1.0-9 | 15.00 | 99.00 | 114.00 | OK | |
r-oldrel-macos-arm64 | 1.0-9 | 44.00 | OK | |||
r-oldrel-macos-x86_64 | 1.0-9 | 64.00 | NOTE | |||
r-oldrel-windows-x86_64 | 1.0-9 | 20.00 | 117.00 | 137.00 | OK |
Version: 1.0-9
Check: package dependencies
Result: NOTE
Packages suggested but not available for checking:
'fields', 'lme4', 'rworldmap', 'statnet'
Flavor: r-oldrel-macos-x86_64