Last updated on 2024-05-12 09:52:35 CEST.
Flavor | Version | Tinstall | Tcheck | Ttotal | Status | Flags |
---|---|---|---|---|---|---|
r-devel-linux-x86_64-debian-clang | 0.7.0 | 24.32 | 180.91 | 205.23 | OK | |
r-devel-linux-x86_64-debian-gcc | 0.7.0 | 18.63 | 134.49 | 153.12 | OK | |
r-devel-linux-x86_64-fedora-clang | 0.7.0 | 261.80 | NOTE | |||
r-devel-linux-x86_64-fedora-gcc | 0.7.0 | 310.06 | NOTE | |||
r-devel-windows-x86_64 | 0.7.0 | 22.00 | 149.00 | 171.00 | OK | |
r-patched-linux-x86_64 | 0.7.0 | 18.57 | 178.90 | 197.47 | OK | |
r-release-linux-x86_64 | 0.7.0 | 20.64 | 179.05 | 199.69 | OK | |
r-release-macos-arm64 | 0.7.0 | 83.00 | NOTE | |||
r-release-macos-x86_64 | 0.7.0 | 184.00 | NOTE | |||
r-release-windows-x86_64 | 0.7.0 | 24.00 | 145.00 | 169.00 | OK | |
r-oldrel-macos-arm64 | 0.7.0 | 88.00 | NOTE | |||
r-oldrel-macos-x86_64 | 0.7.0 | 198.00 | NOTE | |||
r-oldrel-windows-x86_64 | 0.7.0 | 27.00 | 169.00 | 196.00 | OK |
Version: 0.7.0
Check: data for non-ASCII characters
Result: NOTE
Note: found 342 marked UTF-8 strings
Flavors: r-devel-linux-x86_64-fedora-clang, r-devel-linux-x86_64-fedora-gcc
Version: 0.7.0
Check: installed package size
Result: NOTE
installed size is 5.4Mb
sub-directories of 1Mb or more:
data 4.7Mb
Flavors: r-release-macos-arm64, r-release-macos-x86_64, r-oldrel-macos-arm64, r-oldrel-macos-x86_64