Last updated on 2024-05-13 09:50:44 CEST.
Flavor | Version | Tinstall | Tcheck | Ttotal | Status | Flags |
---|---|---|---|---|---|---|
r-devel-linux-x86_64-debian-clang | 2.4 | 4.77 | 57.65 | 62.42 | OK | |
r-devel-linux-x86_64-debian-gcc | 2.4 | 3.79 | 43.69 | 47.48 | OK | |
r-devel-linux-x86_64-fedora-clang | 2.4 | 86.77 | OK | |||
r-devel-linux-x86_64-fedora-gcc | 2.4 | 121.70 | OK | |||
r-devel-windows-x86_64 | 2.4 | 6.00 | 64.00 | 70.00 | OK | |
r-patched-linux-x86_64 | 2.4 | 4.69 | 55.31 | 60.00 | OK | |
r-release-linux-x86_64 | 2.4 | 4.12 | 57.10 | 61.22 | OK | |
r-release-macos-arm64 | 2.4 | 33.00 | OK | |||
r-release-windows-x86_64 | 2.4 | 8.00 | 66.00 | 74.00 | OK | |
r-oldrel-macos-arm64 | 2.4 | 37.00 | NOTE | |||
r-oldrel-macos-x86_64 | 2.4 | 48.00 | OK | |||
r-oldrel-windows-x86_64 | 2.4 | 7.00 | 69.00 | 76.00 | OK |
Version: 2.4
Check: package dependencies
Result: NOTE
Package suggested but not available for checking: ‘GEOquery’
Flavor: r-oldrel-macos-arm64