Last updated on 2024-05-12 09:52:36 CEST.
Flavor | Version | Tinstall | Tcheck | Ttotal | Status | Flags |
---|---|---|---|---|---|---|
r-devel-linux-x86_64-debian-clang | 0.1.4 | 8.87 | 59.94 | 68.81 | OK | |
r-devel-linux-x86_64-debian-gcc | 0.1.4 | 4.89 | 47.71 | 52.60 | OK | |
r-devel-linux-x86_64-fedora-clang | 0.1.4 | 88.25 | NOTE | |||
r-devel-linux-x86_64-fedora-gcc | 0.1.4 | 121.60 | NOTE | |||
r-devel-windows-x86_64 | 0.1.4 | 9.00 | 70.00 | 79.00 | OK | |
r-patched-linux-x86_64 | 0.1.4 | 5.46 | 57.06 | 62.52 | OK | |
r-release-linux-x86_64 | 0.1.4 | 5.51 | 58.83 | 64.34 | OK | |
r-release-macos-arm64 | 0.1.4 | 36.00 | OK | |||
r-release-windows-x86_64 | 0.1.4 | 11.00 | 70.00 | 81.00 | OK | |
r-oldrel-macos-arm64 | 0.1.4 | 37.00 | OK | |||
r-oldrel-macos-x86_64 | 0.1.4 | 66.00 | OK | |||
r-oldrel-windows-x86_64 | 0.1.4 | 12.00 | 75.00 | 87.00 | OK |
Version: 0.1.4
Check: data for non-ASCII characters
Result: NOTE
Note: found 20 marked UTF-8 strings
Flavors: r-devel-linux-x86_64-fedora-clang, r-devel-linux-x86_64-fedora-gcc