Last updated on 2024-05-12 09:52:36 CEST.
Flavor | Version | Tinstall | Tcheck | Ttotal | Status | Flags |
---|---|---|---|---|---|---|
r-devel-linux-x86_64-debian-clang | 0.2.1 | 4.43 | 54.69 | 59.12 | NOTE | |
r-devel-linux-x86_64-debian-gcc | 0.2.1 | 3.80 | 40.93 | 44.73 | NOTE | |
r-devel-linux-x86_64-fedora-clang | 0.2.1 | 76.47 | NOTE | |||
r-devel-linux-x86_64-fedora-gcc | 0.2.1 | 103.92 | NOTE | |||
r-devel-windows-x86_64 | 0.2.1 | 6.00 | 70.00 | 76.00 | NOTE | |
r-patched-linux-x86_64 | 0.2.1 | 4.50 | 50.92 | 55.42 | NOTE | |
r-release-linux-x86_64 | 0.2.1 | 4.23 | 51.60 | 55.83 | NOTE | |
r-release-macos-arm64 | 0.2.1 | 32.00 | NOTE | |||
r-release-windows-x86_64 | 0.2.1 | 6.00 | 71.00 | 77.00 | NOTE | |
r-oldrel-macos-arm64 | 0.2.1 | 34.00 | NOTE | |||
r-oldrel-macos-x86_64 | 0.2.1 | 51.00 | NOTE | |||
r-oldrel-windows-x86_64 | 0.2.1 | 7.00 | 75.00 | 82.00 | NOTE |
Version: 0.2.1
Check: LazyData
Result: NOTE
'LazyData' is specified without a 'data' directory
Flavors: r-devel-linux-x86_64-debian-clang, r-devel-linux-x86_64-debian-gcc, r-devel-linux-x86_64-fedora-clang, r-devel-linux-x86_64-fedora-gcc, r-devel-windows-x86_64, r-patched-linux-x86_64, r-release-linux-x86_64, r-release-macos-arm64, r-release-windows-x86_64, r-oldrel-macos-arm64, r-oldrel-macos-x86_64, r-oldrel-windows-x86_64