Last updated on 2025-10-22 09:50:33 CEST.
Flavor | Version | Tinstall | Tcheck | Ttotal | Status | Flags |
---|---|---|---|---|---|---|
r-devel-linux-x86_64-debian-clang | 1.0.6 | 16.25 | 441.84 | 458.09 | NOTE | |
r-devel-linux-x86_64-debian-gcc | 1.0.6 | 10.85 | 289.93 | 300.78 | NOTE | |
r-devel-linux-x86_64-fedora-clang | 1.0.6 | 43.00 | 634.06 | 677.06 | OK | |
r-devel-linux-x86_64-fedora-gcc | 1.0.6 | 31.00 | 654.35 | 685.35 | OK | |
r-devel-windows-x86_64 | 1.0.6 | 16.00 | 404.00 | 420.00 | OK | |
r-patched-linux-x86_64 | 1.0.6 | 15.80 | 420.48 | 436.28 | OK | |
r-release-linux-x86_64 | 1.0.6 | 15.32 | 419.60 | 434.92 | OK | |
r-release-macos-arm64 | 1.0.6 | 9.00 | 180.00 | 189.00 | OK | |
r-release-macos-x86_64 | 1.0.6 | 15.00 | 367.00 | 382.00 | OK | |
r-release-windows-x86_64 | 1.0.6 | 17.00 | 398.00 | 415.00 | OK | |
r-oldrel-macos-arm64 | 1.0.6 | 7.00 | 185.00 | 192.00 | OK | |
r-oldrel-macos-x86_64 | 1.0.6 | 25.00 | 370.00 | 395.00 | OK | |
r-oldrel-windows-x86_64 | 1.0.6 | 22.00 | 507.00 | 529.00 | OK |
Version: 1.0.6
Check: HTML version of manual
Result: NOTE
Found the following HTML validation problems:
threshold_peaks.html:76:1 (threshold_peaks.Rd:28): Warning: missing </ul> before </div>
Flavors: r-devel-linux-x86_64-debian-clang, r-devel-linux-x86_64-debian-gcc