Last updated on 2025-10-22 09:50:33 CEST.
Flavor | Version | Tinstall | Tcheck | Ttotal | Status | Flags |
---|---|---|---|---|---|---|
r-devel-linux-x86_64-debian-clang | 1.3-9 | 7.77 | 88.61 | 96.38 | NOTE | |
r-devel-linux-x86_64-debian-gcc | 1.3-9 | 6.58 | 61.41 | 67.99 | NOTE | |
r-devel-linux-x86_64-fedora-clang | 1.3-9 | 23.00 | 130.04 | 153.04 | OK | |
r-devel-linux-x86_64-fedora-gcc | 1.3-9 | 21.00 | 119.01 | 140.01 | OK | |
r-devel-windows-x86_64 | 1.3-9 | 10.00 | 118.00 | 128.00 | OK | |
r-patched-linux-x86_64 | 1.3-9 | 11.63 | 83.11 | 94.74 | OK | |
r-release-linux-x86_64 | 1.3-9 | 9.34 | 83.65 | 92.99 | OK | |
r-release-macos-arm64 | 1.3-9 | 4.00 | 39.00 | 43.00 | OK | |
r-release-macos-x86_64 | 1.3-9 | 7.00 | 72.00 | 79.00 | OK | |
r-release-windows-x86_64 | 1.3-9 | 10.00 | 120.00 | 130.00 | OK | |
r-oldrel-macos-arm64 | 1.3-9 | 4.00 | 33.00 | 37.00 | OK | |
r-oldrel-macos-x86_64 | 1.3-9 | 6.00 | 55.00 | 61.00 | OK | |
r-oldrel-windows-x86_64 | 1.3-9 | 14.00 | 144.00 | 158.00 | OK |
Version: 1.3-9
Check: HTML version of manual
Result: NOTE
Found the following HTML validation problems:
dot-scalarProduct.html:50:1 (dot-scalarProduct.Rd:12): Warning: missing </ul> before </div>
print.funData.html:48:1 (print.funData.Rd:10): Warning: missing </ul> before </div>
print.irregFunData.html:48:1 (print.irregFunData.Rd:10): Warning: missing </ul> before </div>
Flavors: r-devel-linux-x86_64-debian-clang, r-devel-linux-x86_64-debian-gcc