Last updated on 2024-05-21 09:56:26 CEST.
Flavor | Version | Tinstall | Tcheck | Ttotal | Status | Flags |
---|---|---|---|---|---|---|
r-devel-linux-x86_64-debian-clang | 1.0-1 | 11.24 | 108.62 | 119.86 | NOTE | |
r-devel-linux-x86_64-debian-gcc | 1.0-1 | 10.30 | 78.68 | 88.98 | NOTE | |
r-devel-linux-x86_64-fedora-clang | 1.0-1 | 145.04 | NOTE | |||
r-devel-linux-x86_64-fedora-gcc | 1.0-1 | 138.15 | NOTE | |||
r-devel-windows-x86_64 | 1.0-1 | 11.00 | 110.00 | 121.00 | NOTE | --no-vignettes |
r-patched-linux-x86_64 | 1.0-1 | 12.89 | 102.07 | 114.96 | NOTE | |
r-release-linux-x86_64 | 1.0-1 | 11.36 | 104.16 | 115.52 | NOTE | |
r-release-macos-arm64 | 1.0-1 | 42.00 | NOTE | |||
r-release-windows-x86_64 | 1.0-1 | 10.00 | 91.00 | 101.00 | NOTE | --no-vignettes |
r-oldrel-macos-arm64 | 1.0-1 | 45.00 | OK | |||
r-oldrel-macos-x86_64 | 1.0-1 | 77.00 | OK | |||
r-oldrel-windows-x86_64 | 1.0-1 | 14.00 | 100.00 | 114.00 | OK | --no-vignettes |
Version: 1.0-1
Check: Rd files
Result: NOTE
checkRd: (-1) term.plotZadj.Rd:6: Lost braces
6 | \ This is a wrapper to function \code{\link[gamlss]{term.plot}}. code{term.plotZadj} produces term plots for a specified parameter from a
| ^
Flavors: r-devel-linux-x86_64-debian-clang, r-devel-linux-x86_64-debian-gcc, r-devel-linux-x86_64-fedora-clang, r-devel-linux-x86_64-fedora-gcc, r-patched-linux-x86_64, r-release-linux-x86_64, r-release-macos-arm64
Version: 1.0-1
Flags: --no-vignettes
Check: Rd files
Result: NOTE
checkRd: (-1) term.plotZadj.Rd:6: Lost braces
6 | \ This is a wrapper to function \code{\link[gamlss]{term.plot}}. code{term.plotZadj} produces term plots for a specified parameter from a
| ^
Flavors: r-devel-windows-x86_64, r-release-windows-x86_64