Last updated on 2024-05-12 09:52:37 CEST.
Flavor | Version | Tinstall | Tcheck | Ttotal | Status | Flags |
---|---|---|---|---|---|---|
r-devel-linux-x86_64-debian-clang | 2023.08.31 | 56.77 | 415.49 | 472.26 | NOTE | |
r-devel-linux-x86_64-debian-gcc | 2023.08.31 | 37.85 | 295.72 | 333.57 | NOTE | |
r-devel-linux-x86_64-fedora-clang | 2023.08.31 | 586.91 | NOTE | |||
r-devel-linux-x86_64-fedora-gcc | 2023.08.31 | 702.19 | NOTE | |||
r-devel-windows-x86_64 | 2023.08.31 | 37.00 | 243.00 | 280.00 | NOTE | |
r-patched-linux-x86_64 | 2023.08.31 | 42.54 | 387.01 | 429.55 | NOTE | |
r-release-linux-x86_64 | 2023.08.31 | 40.72 | 382.30 | 423.02 | NOTE | |
r-release-macos-arm64 | 2023.08.31 | 127.00 | NOTE | |||
r-release-windows-x86_64 | 2023.08.31 | 42.00 | 238.00 | 280.00 | NOTE | |
r-oldrel-macos-arm64 | 2023.08.31 | 133.00 | OK | |||
r-oldrel-macos-x86_64 | 2023.08.31 | 281.00 | OK | |||
r-oldrel-windows-x86_64 | 2023.08.31 | 56.00 | 338.00 | 394.00 | OK |
Version: 2023.08.31
Check: Rd files
Result: NOTE
checkRd: (-1) gbm.auto.Rd:208: Lost braces; missing escapes or markup?
208 | \item Error in if (n.trees > x$n.trees) { : argument is of length zero}. LR or BF probably too low
| ^
Flavors: r-devel-linux-x86_64-debian-clang, r-devel-linux-x86_64-debian-gcc, r-devel-linux-x86_64-fedora-clang, r-devel-linux-x86_64-fedora-gcc, r-devel-windows-x86_64, r-patched-linux-x86_64, r-release-linux-x86_64, r-release-macos-arm64, r-release-windows-x86_64