Last updated on 2024-05-12 09:52:37 CEST.
Flavor | Version | Tinstall | Tcheck | Ttotal | Status | Flags |
---|---|---|---|---|---|---|
r-devel-linux-x86_64-debian-clang | 1.5.1 | 12.42 | 75.30 | 87.72 | OK | |
r-devel-linux-x86_64-debian-gcc | 1.5.1 | 9.98 | 42.77 | 52.75 | OK | |
r-devel-linux-x86_64-fedora-clang | 1.5.1 | 103.96 | NOTE | |||
r-devel-linux-x86_64-fedora-gcc | 1.5.1 | 110.18 | OK | |||
r-devel-windows-x86_64 | 1.5.1 | 13.00 | 82.00 | 95.00 | OK | |
r-patched-linux-x86_64 | 1.5.1 | 11.40 | 56.26 | 67.66 | OK | |
r-release-linux-x86_64 | 1.5.1 | 11.72 | 55.81 | 67.53 | OK | |
r-release-macos-arm64 | 1.5.1 | 40.00 | OK | |||
r-release-macos-x86_64 | 1.5.1 | 128.00 | OK | |||
r-release-windows-x86_64 | 1.5.1 | 12.00 | 81.00 | 93.00 | OK | |
r-oldrel-macos-arm64 | 1.5.1 | 72.00 | OK | |||
r-oldrel-macos-x86_64 | 1.5.1 | 129.00 | OK | |||
r-oldrel-windows-x86_64 | 1.5.1 | 15.00 | 89.00 | 104.00 | OK |
Version: 1.5.1
Check: installed package size
Result: NOTE
installed size is 5.4Mb
sub-directories of 1Mb or more:
libs 5.0Mb
Flavor: r-devel-linux-x86_64-fedora-clang