Last updated on 2024-05-12 09:52:37 CEST.
Flavor | Version | Tinstall | Tcheck | Ttotal | Status | Flags |
---|---|---|---|---|---|---|
r-devel-linux-x86_64-debian-clang | 1.0.1 | 4.21 | 54.95 | 59.16 | NOTE | |
r-devel-linux-x86_64-debian-gcc | 1.0.1 | 4.40 | 41.72 | 46.12 | NOTE | |
r-devel-linux-x86_64-fedora-clang | 1.0.1 | 77.54 | NOTE | |||
r-devel-linux-x86_64-fedora-gcc | 1.0.1 | 106.57 | NOTE | |||
r-devel-windows-x86_64 | 1.0.1 | 7.00 | 62.00 | 69.00 | NOTE | |
r-patched-linux-x86_64 | 1.0.1 | 9.76 | 51.52 | 61.28 | NOTE | |
r-release-linux-x86_64 | 1.0.1 | 5.54 | 51.64 | 57.18 | NOTE | |
r-release-macos-arm64 | 1.0.1 | 27.00 | NOTE | |||
r-release-windows-x86_64 | 1.0.1 | 8.00 | 62.00 | 70.00 | NOTE | |
r-oldrel-macos-arm64 | 1.0.1 | 27.00 | OK | |||
r-oldrel-macos-x86_64 | 1.0.1 | 41.00 | OK | |||
r-oldrel-windows-x86_64 | 1.0.1 | 8.00 | 68.00 | 76.00 | OK |
Version: 1.0.1
Check: Rd files
Result: NOTE
checkRd: (-1) geom_from_path.Rd:79: Lost braces in \itemize; meant \describe ?
checkRd: (-1) geom_from_path.Rd:80: Lost braces in \itemize; meant \describe ?
checkRd: (-1) geom_from_path.Rd:81: Lost braces in \itemize; meant \describe ?
checkRd: (-1) geom_from_path.Rd:82: Lost braces in \itemize; meant \describe ?
checkRd: (-1) geom_from_path.Rd:83: Lost braces in \itemize; meant \describe ?
checkRd: (-1) geom_from_path.Rd:84: Lost braces in \itemize; meant \describe ?
checkRd: (-1) geom_from_path.Rd:85: Lost braces in \itemize; meant \describe ?
checkRd: (-1) geom_from_path.Rd:86: Lost braces in \itemize; meant \describe ?
checkRd: (-1) geom_from_path.Rd:87-90: Lost braces in \itemize; meant \describe ?
checkRd: (-1) geom_from_path.Rd:91-94: Lost braces in \itemize; meant \describe ?
checkRd: (-1) geom_lines.Rd:77: Lost braces in \itemize; meant \describe ?
checkRd: (-1) geom_lines.Rd:78: Lost braces in \itemize; meant \describe ?
checkRd: (-1) geom_lines.Rd:79: Lost braces in \itemize; meant \describe ?
checkRd: (-1) geom_lines.Rd:80: Lost braces in \itemize; meant \describe ?
checkRd: (-1) geom_lines.Rd:81: Lost braces in \itemize; meant \describe ?
checkRd: (-1) geom_lines.Rd:82: Lost braces in \itemize; meant \describe ?
checkRd: (-1) geom_lines.Rd:83: Lost braces in \itemize; meant \describe ?
Flavors: r-devel-linux-x86_64-debian-clang, r-devel-linux-x86_64-debian-gcc, r-devel-linux-x86_64-fedora-clang, r-devel-linux-x86_64-fedora-gcc, r-devel-windows-x86_64, r-patched-linux-x86_64, r-release-linux-x86_64, r-release-macos-arm64, r-release-windows-x86_64